{"id":1301,"date":"2019-01-22T21:44:47","date_gmt":"2019-01-22T20:44:47","guid":{"rendered":"http:\/\/castelldeconcabella.cat\/informacion-util\/accesos\/"},"modified":"2023-05-03T09:03:49","modified_gmt":"2023-05-03T08:03:49","slug":"accesos","status":"publish","type":"page","link":"https:\/\/castelldeconcabella.cat\/es\/informacion-util\/accesos\/","title":{"rendered":"Accesos"},"content":{"rendered":"<p>[et_pb_section bb_built=&#8221;1&#8243; fullwidth=&#8221;on&#8221; custom_padding_last_edited=&#8221;on|phone&#8221; _builder_version=&#8221;3.18.2&#8243; background_color=&#8221;#ede9db&#8221; custom_margin_tablet=&#8221;||&#8221; custom_margin_last_edited=&#8221;on|desktop&#8221; custom_padding=&#8221;||&#8221; custom_padding_tablet=&#8221;||&#8221; custom_padding_phone=&#8221;||&#8221; hover_enabled=&#8221;0&#8243; button_two_on_hover=&#8221;on&#8221; button_one_on_hover=&#8221;on&#8221; next_background_color=&#8221;#ffffff&#8221;][et_pb_fullwidth_header title=&#8221;Informaci\u00f3n \u00fatil \/ Accesos&#8221; _builder_version=&#8221;3.18.2&#8243; title_font=&#8221;||||||||&#8221; title_text_color=&#8221;#e86434&#8243; title_font_size_tablet=&#8221;24px&#8221; title_font_size_last_edited=&#8221;on|phone&#8221; background_color=&#8221;#ede9db&#8221; custom_margin_tablet=&#8221;||&#8221; custom_margin_last_edited=&#8221;on|desktop&#8221; custom_padding=&#8221;20px||20px&#8221; custom_padding_tablet=&#8221;0px||0px&#8221; custom_padding_phone=&#8221;0px||0px&#8221; custom_padding_last_edited=&#8221;on|phone&#8221;]<\/p>\n<p>[\/et_pb_fullwidth_header][\/et_pb_section][et_pb_section bb_built=&#8221;1&#8243; _builder_version=&#8221;3.18.2&#8243; prev_background_color=&#8221;#ede9db&#8221; next_background_color=&#8221;#000000&#8243;][et_pb_row background_color_2=&#8221;rgba(237,233,219,0.5)&#8221; padding_top_2=&#8221;20px&#8221; padding_right_2=&#8221;20px&#8221; padding_bottom_2=&#8221;20px&#8221; padding_left_2=&#8221;20px&#8221; _builder_version=&#8221;3.18.2&#8243;][et_pb_column type=&#8221;1_3&#8243;][et_pb_text _builder_version=&#8221;3.19.14&#8243;]<\/p>\n<p><strong>Coordenadas:<\/strong> UTM 31N (ED50): E 353648, N 4623892<\/p>\n<p><strong>Geogr\u00e1ficas (ETRS89):<\/strong> Lon. 1\u00ba 14\u2019 18.86\u2019\u2019 Lat. 41\u00ba 45\u2019 5.493\u2019\u2019<\/p>\n<h1>C\u00f3mo llegar:<\/h1>\n<p><strong>Desde Cervera,<\/strong> tome la carretera L-303 que va a Agramunt. Poco despu\u00e9s de Arany\u00f3 encontrar\u00e1 una rotonda, toma la primera salida, para L-310. Pocos metros despu\u00e9s encontrar\u00e1 otra rotonda, toma la tercera salida y llegar\u00e1 a Concabella.<\/p>\n<p><strong>Desde el Eje Transversal,<\/strong> toma la salida a San Ram\u00f3n, por N-141f hacia Calle del Medio, llegados a la intersecci\u00f3n, gire a la derecha para L-324. A Tarroja, toma la segunda salida en la rotonda y en pocos minutos estar\u00e1 en Concabella.<\/p>\n<p><strong>Desde Agramunt,<\/strong> tome la L-303 y despu\u00e9s de Oss\u00f3 de Si\u00f3 tomar el desv\u00edo a la izquierda hacia las Pallargues y Concabella.<\/p>\n<h1>Calcula tu ruta:<\/h1>\n<p><a href=\"https:\/\/goo.gl\/vr97nE\" target=\"_blank\" rel=\"noopener noreferrer\">https:\/\/goo.gl\/vr97nE<\/a><\/p>\n<p>[\/et_pb_text][\/et_pb_column][et_pb_column type=&#8221;2_3&#8243;][et_pb_code _builder_version=&#8221;3.18.2&#8243;]<iframe loading=\"lazy\" src=\"https:\/\/www.google.com\/maps\/embed?pb=!1m19!1m8!1m3!1d95250.06358452949!2d1.1648953!3d41.7514858!3m2!1i1024!2i768!4f13.1!4m8!3e0!4m0!4m5!1s0x12a427dee00f8b41%3A0xd51e5c8397ef23e0!2sCastell+de+Concabella%2C+s%2Fn%2C+Carrer+de+la+Font%2C+25211+Concabella%2C+Lleida!3m2!1d41.7515071!2d1.2349356999999999!5e0!3m2!1ses!2ses!4v1544376649279\" width=\"100%\" height=\"450\" frameborder=\"0\" style=\"border:0\" allowfullscreen><\/iframe>[\/et_pb_code][\/et_pb_column][\/et_pb_row][\/et_pb_section][et_pb_section bb_built=&#8221;1&#8243; admin_label=&#8221;CAT-Actividades-secci\u00f3n&#8221; _builder_version=&#8221;3.19.14&#8243; saved_tabs=&#8221;all&#8221; custom_margin=&#8221;0px||&#8221; custom_padding=&#8221;0px||&#8221; prev_background_color=&#8221;#000000&#8243; next_background_color=&#8221;#e86434&#8243;][et_pb_row _builder_version=&#8221;3.19.14&#8243;][et_pb_column type=&#8221;4_4&#8243;][et_pb_text _builder_version=&#8221;3.19.14&#8243; text_font=&#8221;Montserrat|700|||||||&#8221; text_text_color=&#8221;#62938f&#8221; text_font_size=&#8221;24px&#8221;]<\/p>\n<p>Actividades<\/p>\n<p>[\/et_pb_text][et_pb_divider _builder_version=&#8221;3.17.6&#8243; \/][\/et_pb_column][\/et_pb_row][et_pb_row _builder_version=&#8221;3.18.2&#8243;][et_pb_column type=&#8221;4_4&#8243;][et_pb_portfolio fullwidth=&#8221;off&#8221; posts_number=&#8221;4&#8243; include_categories=&#8221;17&#8243; show_categories=&#8221;off&#8221; show_pagination=&#8221;off&#8221; hover_overlay_color=&#8221;rgba(237,233,219,0.7)&#8221; _builder_version=&#8221;3.19.14&#8243; locked=&#8221;off&#8221; \/][\/et_pb_column][\/et_pb_row][\/et_pb_section][et_pb_section bb_built=&#8221;1&#8243; admin_label=&#8221;CAT-CTA-secci\u00f3n&#8221; prev_background_color=&#8221;#ffffff&#8221; _builder_version=&#8221;3.18.2&#8243; background_color=&#8221;#e86434&#8243; top_divider_style=&#8221;wave2&#8243; saved_tabs=&#8221;all&#8221;][et_pb_row custom_padding=&#8221;20px|||&#8221; padding_top_1=&#8221;20px&#8221; _builder_version=&#8221;3.18.2&#8243;][et_pb_column type=&#8221;4_4&#8243;][et_pb_cta title=&#8221;Castell de Concabella&#8221; button_url=&#8221;https:\/\/castelldeconcabella.cat\/es\/contacto\/&#8221; button_text=&#8221;\u00a1Reserva una visita!&#8221; _builder_version=&#8221;3.19.14&#8243; header_font_size=&#8221;32&#8243; body_font_size=&#8221;16&#8243; use_background_color=&#8221;off&#8221; custom_button=&#8221;on&#8221; button_icon=&#8221;%%202%%&#8221; button_on_hover=&#8221;off&#8221; link_option_url=&#8221;https:\/\/castelldeconcabella.cat\/es\/contacto\/&#8221;]<\/p>\n<p>una puerta para descubrir la Segarra<\/p>\n<p>[\/et_pb_cta][\/et_pb_column][\/et_pb_row][\/et_pb_section]<\/p>\n","protected":false},"excerpt":{"rendered":"<p>Coordenadas: UTM 31N (ED50): E 353648, N 4623892 Geogr\u00e1ficas (ETRS89): Lon. 1\u00ba 14\u2019 18.86\u2019\u2019 Lat. 41\u00ba 45\u2019 5.493\u2019\u2019 C\u00f3mo llegar: Desde Cervera, tome la carretera L-303 que va a Agramunt. Poco despu\u00e9s de Arany\u00f3 encontrar\u00e1 una rotonda, toma la primera salida, para L-310. Pocos metros despu\u00e9s encontrar\u00e1 otra rotonda, toma la tercera salida y llegar\u00e1 [&hellip;]<\/p>\n","protected":false},"author":1,"featured_media":0,"parent":1296,"menu_order":1,"comment_status":"closed","ping_status":"closed","template":"","meta":{"_et_pb_use_builder":"on","_et_pb_old_content":"<!-- wp:divi\/placeholder \/-->","_et_gb_content_width":"","footnotes":""},"_links":{"self":[{"href":"https:\/\/castelldeconcabella.cat\/es\/wp-json\/wp\/v2\/pages\/1301"}],"collection":[{"href":"https:\/\/castelldeconcabella.cat\/es\/wp-json\/wp\/v2\/pages"}],"about":[{"href":"https:\/\/castelldeconcabella.cat\/es\/wp-json\/wp\/v2\/types\/page"}],"author":[{"embeddable":true,"href":"https:\/\/castelldeconcabella.cat\/es\/wp-json\/wp\/v2\/users\/1"}],"replies":[{"embeddable":true,"href":"https:\/\/castelldeconcabella.cat\/es\/wp-json\/wp\/v2\/comments?post=1301"}],"version-history":[{"count":17,"href":"https:\/\/castelldeconcabella.cat\/es\/wp-json\/wp\/v2\/pages\/1301\/revisions"}],"predecessor-version":[{"id":3585,"href":"https:\/\/castelldeconcabella.cat\/es\/wp-json\/wp\/v2\/pages\/1301\/revisions\/3585"}],"up":[{"embeddable":true,"href":"https:\/\/castelldeconcabella.cat\/es\/wp-json\/wp\/v2\/pages\/1296"}],"wp:attachment":[{"href":"https:\/\/castelldeconcabella.cat\/es\/wp-json\/wp\/v2\/media?parent=1301"}],"curies":[{"name":"wp","href":"https:\/\/api.w.org\/{rel}","templated":true}]}}

<p>[et_pb_section bb_built=&#8221;1&#8243; fullwidth=&#8221;on&#8221; custom_padding_last_edited=&#8221;on|phone&#8221; _builder_version=&#8221;3.18.2&#8243; background_color=&#8221;#ede9db&#8221; custom_margin_tablet=&#8221;||&#8221; custom_margin_last_edited=&#8221;on|desktop&#8221; custom_padding=&#8221;||&#8221; custom_padding_tablet=&#8221;||&#8221; custom_padding_phone=&#8221;||&#8221; hover_enabled=&#8221;0&#8243; button_two_on_hover=&#8221;on&#8221; button_one_on_hover=&#8221;on&#8221; next_background_color=&#8221;#ffffff&#8221;][et_pb_fullwidth_header title=&#8221;Información útil / Accesos&#8221; _builder_version=&#8221;3.18.2&#8243; title_font=&#8221;||||||||&#8221; title_text_color=&#8221;#e86434&#8243; title_font_size_tablet=&#8221;24px&#8221; title_font_size_last_edited=&#8221;on|phone&#8221; background_color=&#8221;#ede9db&#8221; custom_margin_tablet=&#8221;||&#8221; custom_margin_last_edited=&#8221;on|desktop&#8221; custom_padding=&#8221;20px||20px&#8221; custom_padding_tablet=&#8221;0px||0px&#8221; custom_padding_phone=&#8221;0px||0px&#8221; custom_padding_last_edited=&#8221;on|phone&#8221;]</p>
<p>[/et_pb_fullwidth_header][/et_pb_section][et_pb_section bb_built=&#8221;1&#8243; _builder_version=&#8221;3.18.2&#8243; prev_background_color=&#8221;#ede9db&#8221; next_background_color=&#8221;#000000&#8243;][et_pb_row background_color_2=&#8221;rgba(237,233,219,0.5)&#8221; padding_top_2=&#8221;20px&#8221; padding_right_2=&#8221;20px&#8221; padding_bottom_2=&#8221;20px&#8221; padding_left_2=&#8221;20px&#8221; _builder_version=&#8221;3.18.2&#8243;][et_pb_column type=&#8221;1_3&#8243;][et_pb_text _builder_version=&#8221;3.19.14&#8243;]</p>
<p><strong>Coordenadas:</strong> UTM 31N (ED50): E 353648, N 4623892</p>
<p><strong>Geográficas (ETRS89):</strong> Lon. 1º 14’ 18.86’’ Lat. 41º 45’ 5.493’’</p>
<h1>Cómo llegar:</h1>
<p><strong>Desde Cervera,</strong> tome la carretera L-303 que va a Agramunt. Poco después de Aranyó encontrará una rotonda, toma la primera salida, para L-310. Pocos metros después encontrará otra rotonda, toma la tercera salida y llegará a Concabella.</p>
<p><strong>Desde el Eje Transversal,</strong> toma la salida a San Ramón, por N-141f hacia Calle del Medio, llegados a la intersección, gire a la derecha para L-324. A Tarroja, toma la segunda salida en la rotonda y en pocos minutos estará en Concabella.</p>
<p><strong>Desde Agramunt,</strong> tome la L-303 y después de Ossó de Sió tomar el desvío a la izquierda hacia las Pallargues y Concabella.</p>
<h1>Calcula tu ruta:</h1>
<p><a href="https://goo.gl/vr97nE" target="_blank" rel="noopener noreferrer">https://goo.gl/vr97nE</a></p>
<p>[/et_pb_text][/et_pb_column][et_pb_column type=&#8221;2_3&#8243;][et_pb_code _builder_version=&#8221;3.18.2&#8243;]<iframe loading="lazy" src="https://www.google.com/maps/embed?pb=!1m19!1m8!1m3!1d95250.06358452949!2d1.1648953!3d41.7514858!3m2!1i1024!2i768!4f13.1!4m8!3e0!4m0!4m5!1s0x12a427dee00f8b41%3A0xd51e5c8397ef23e0!2sCastell+de+Concabella%2C+s%2Fn%2C+Carrer+de+la+Font%2C+25211+Concabella%2C+Lleida!3m2!1d41.7515071!2d1.2349356999999999!5e0!3m2!1ses!2ses!4v1544376649279" width="100%" height="450" frameborder="0" style="border:0" allowfullscreen></iframe>[/et_pb_code][/et_pb_column][/et_pb_row][/et_pb_section][et_pb_section bb_built=&#8221;1&#8243; admin_label=&#8221;CAT-Actividades-sección&#8221; _builder_version=&#8221;3.19.14&#8243; saved_tabs=&#8221;all&#8221; custom_margin=&#8221;0px||&#8221; custom_padding=&#8221;0px||&#8221; prev_background_color=&#8221;#000000&#8243; next_background_color=&#8221;#e86434&#8243;][et_pb_row _builder_version=&#8221;3.19.14&#8243;][et_pb_column type=&#8221;4_4&#8243;][et_pb_text _builder_version=&#8221;3.19.14&#8243; text_font=&#8221;Montserrat|700|||||||&#8221; text_text_color=&#8221;#62938f&#8221; text_font_size=&#8221;24px&#8221;]</p>
<p>Actividades</p>
<p>[/et_pb_text][et_pb_divider _builder_version=&#8221;3.17.6&#8243; /][/et_pb_column][/et_pb_row][et_pb_row _builder_version=&#8221;3.18.2&#8243;][et_pb_column type=&#8221;4_4&#8243;][et_pb_portfolio fullwidth=&#8221;off&#8221; posts_number=&#8221;4&#8243; include_categories=&#8221;17&#8243; show_categories=&#8221;off&#8221; show_pagination=&#8221;off&#8221; hover_overlay_color=&#8221;rgba(237,233,219,0.7)&#8221; _builder_version=&#8221;3.19.14&#8243; locked=&#8221;off&#8221; /][/et_pb_column][/et_pb_row][/et_pb_section][et_pb_section bb_built=&#8221;1&#8243; admin_label=&#8221;CAT-CTA-sección&#8221; prev_background_color=&#8221;#ffffff&#8221; _builder_version=&#8221;3.18.2&#8243; background_color=&#8221;#e86434&#8243; top_divider_style=&#8221;wave2&#8243; saved_tabs=&#8221;all&#8221;][et_pb_row custom_padding=&#8221;20px|||&#8221; padding_top_1=&#8221;20px&#8221; _builder_version=&#8221;3.18.2&#8243;][et_pb_column type=&#8221;4_4&#8243;][et_pb_cta title=&#8221;Castell de Concabella&#8221; button_url=&#8221;https://castelldeconcabella.cat/es/contacto/&#8221; button_text=&#8221;¡Reserva una visita!&#8221; _builder_version=&#8221;3.19.14&#8243; header_font_size=&#8221;32&#8243; body_font_size=&#8221;16&#8243; use_background_color=&#8221;off&#8221; custom_button=&#8221;on&#8221; button_icon=&#8221;%%202%%&#8221; button_on_hover=&#8221;off&#8221; link_option_url=&#8221;https://castelldeconcabella.cat/es/contacto/&#8221;]</p>
<p>una puerta para descubrir la Segarra</p>
<p>[/et_pb_cta][/et_pb_column][/et_pb_row][/et_pb_section]</p>

<p>Coordenadas: UTM 31N (ED50): E 353648, N 4623892 Geográficas (ETRS89): Lon. 1º 14’ 18.86’’ Lat. 41º 45’ 5.493’’ Cómo llegar: Desde Cervera, tome la carretera L-303 que va a Agramunt. Poco después de Aranyó encontrará una rotonda, toma la primera salida, para L-310. Pocos metros después encontrará otra rotonda, toma la tercera salida y llegará [&hellip;]</p>
