{"id":1311,"date":"2019-01-22T22:39:25","date_gmt":"2019-01-22T21:39:25","guid":{"rendered":"http:\/\/castelldeconcabella.cat\/informacion-util\/transporte\/"},"modified":"2023-05-03T09:03:50","modified_gmt":"2023-05-03T08:03:50","slug":"transporte","status":"publish","type":"page","link":"https:\/\/castelldeconcabella.cat\/es\/informacion-util\/transporte\/","title":{"rendered":"Transporte"},"content":{"rendered":"<p>[et_pb_section bb_built=&#8221;1&#8243; fullwidth=&#8221;on&#8221; custom_padding_last_edited=&#8221;on|desktop&#8221; _builder_version=&#8221;3.18.2&#8243; custom_margin_last_edited=&#8221;on|desktop&#8221; custom_padding_tablet=&#8221;||&#8221; locked=&#8221;off&#8221; next_background_color=&#8221;#000000&#8243;][et_pb_fullwidth_header title=&#8221;Informaci\u00f3n \u00fatil \/ Transporte&#8221; _builder_version=&#8221;3.18.2&#8243; title_font=&#8221;||||||||&#8221; title_text_color=&#8221;#e86434&#8243; title_font_size_tablet=&#8221;24px&#8221; title_font_size_last_edited=&#8221;on|phone&#8221; background_color=&#8221;#ede9db&#8221; custom_margin_tablet=&#8221;||&#8221; custom_margin_last_edited=&#8221;on|desktop&#8221; custom_padding=&#8221;20px||20px&#8221; custom_padding_tablet=&#8221;0px||0px&#8221; custom_padding_phone=&#8221;0px||0px&#8221; custom_padding_last_edited=&#8221;on|phone&#8221;]<\/p>\n<p>[\/et_pb_fullwidth_header][\/et_pb_section][et_pb_section bb_built=&#8221;1&#8243; _builder_version=&#8221;3.18.2&#8243; prev_background_color=&#8221;#000000&#8243; next_background_color=&#8221;#000000&#8243;][et_pb_row background_color_2=&#8221;rgba(237,233,219,0.5)&#8221; padding_top_2=&#8221;20px&#8221; padding_right_2=&#8221;20px&#8221; padding_bottom_2=&#8221;20px&#8221; padding_left_2=&#8221;20px&#8221; _builder_version=&#8221;3.18.2&#8243;][et_pb_column type=&#8221;1_2&#8243;][et_pb_button button_url=&#8221;http:\/\/www.atmlleida.cat\/es\/horaris&#8221; url_new_window=&#8221;on&#8221; button_text=&#8221;BUS Concabella&#8221; _builder_version=&#8221;3.18.2&#8243; custom_button=&#8221;on&#8221; button_border_color=&#8221;#dad3b7&#8243; button_font=&#8221;||||||||&#8221; button_icon=&#8221;%%24%%&#8221; locked=&#8221;off&#8221;]<\/p>\n<p>[\/et_pb_button][et_pb_text _builder_version=&#8221;3.18.2&#8243; text_font=&#8221;||||||||&#8221;]<\/p>\n<p><strong>Serveis di\u00fcrns:<\/strong><\/p>\n<p>L\u00ednea 109 &#8211; Lleida &#8211; Agramunt &#8211; Cervera<br \/> L\u00ednea 310 &#8211; Tor\u00e0 &#8211; T\u00e0rrega<br \/> L\u00ednea 311 &#8211; Mont-roig &#8211; Guissona<br \/> L\u00ednea 319 &#8211; Torrefeta &#8211; Concabella<br \/> L\u00ednea 510 &#8211; Mont-roig \u2013 Cervera<\/p>\n<p>[\/et_pb_text][et_pb_button button_url=&#8221;https:\/\/moovit.com\/?from=Concabella&amp;to=Cervera&amp;fll=41.751481_1.234193&amp;tll=41.673716_1.274709&amp;customerId=4908&amp;metroId=362&amp;lang=es&#8221; url_new_window=&#8221;on&#8221; button_text=&#8221;Calcular la ruta con MOOVIT&#8221; _builder_version=&#8221;3.18.2&#8243; custom_button=&#8221;on&#8221; button_border_color=&#8221;#dad3b7&#8243; button_font=&#8221;||||||||&#8221; button_icon=&#8221;%%24%%&#8221; locked=&#8221;off&#8221;]<\/p>\n<p>[\/et_pb_button][et_pb_button button_url=&#8221;https:\/\/goo.gl\/vr97nE&#8221; url_new_window=&#8221;on&#8221; button_text=&#8221;Calcular la ruta con GOOGLE MAPS&#8221; _builder_version=&#8221;3.18.2&#8243; custom_button=&#8221;on&#8221; button_border_color=&#8221;#dad3b7&#8243; button_font=&#8221;||||||||&#8221; button_icon=&#8221;%%24%%&#8221; locked=&#8221;off&#8221;]<\/p>\n<p>[\/et_pb_button][\/et_pb_column][et_pb_column type=&#8221;1_2&#8243;][et_pb_image _builder_version=&#8221;3.19.15&#8243; src=&#8221;http:\/\/castelldeconcabella.cat\/wp-content\/uploads\/2019\/02\/transport1.jpg&#8221; \/][\/et_pb_column][\/et_pb_row][\/et_pb_section][et_pb_section bb_built=&#8221;1&#8243; admin_label=&#8221;CAT-Actividades-secci\u00f3n&#8221; _builder_version=&#8221;3.19.14&#8243; saved_tabs=&#8221;all&#8221; custom_margin=&#8221;0px||&#8221; custom_padding=&#8221;0px||&#8221; prev_background_color=&#8221;#000000&#8243; next_background_color=&#8221;#e86434&#8243;][et_pb_row _builder_version=&#8221;3.19.14&#8243;][et_pb_column type=&#8221;4_4&#8243;][et_pb_text _builder_version=&#8221;3.19.14&#8243; text_font=&#8221;Montserrat|700|||||||&#8221; text_text_color=&#8221;#62938f&#8221; text_font_size=&#8221;24px&#8221;]<\/p>\n<p>Activitats<\/p>\n<p>[\/et_pb_text][et_pb_divider _builder_version=&#8221;3.17.6&#8243; \/][\/et_pb_column][\/et_pb_row][et_pb_row _builder_version=&#8221;3.18.2&#8243;][et_pb_column type=&#8221;4_4&#8243;][et_pb_portfolio fullwidth=&#8221;off&#8221; posts_number=&#8221;4&#8243; include_categories=&#8221;17&#8243; show_categories=&#8221;off&#8221; show_pagination=&#8221;off&#8221; hover_overlay_color=&#8221;rgba(237,233,219,0.7)&#8221; _builder_version=&#8221;3.19.14&#8243; locked=&#8221;off&#8221; \/][\/et_pb_column][\/et_pb_row][\/et_pb_section][et_pb_section bb_built=&#8221;1&#8243; admin_label=&#8221;CAT-CTA-secci\u00f3n&#8221; prev_background_color=&#8221;#ffffff&#8221; _builder_version=&#8221;3.18.2&#8243; background_color=&#8221;#e86434&#8243; top_divider_style=&#8221;wave2&#8243; saved_tabs=&#8221;all&#8221;][et_pb_row custom_padding=&#8221;20px|||&#8221; padding_top_1=&#8221;20px&#8221; _builder_version=&#8221;3.18.2&#8243;][et_pb_column type=&#8221;4_4&#8243;][et_pb_cta title=&#8221;Castell de Concabella&#8221; button_url=&#8221;https:\/\/castelldeconcabella.cat\/es\/contacto\/&#8221; button_text=&#8221;\u00a1Reserva una visita!&#8221; _builder_version=&#8221;3.19.14&#8243; header_font_size=&#8221;32&#8243; body_font_size=&#8221;16&#8243; use_background_color=&#8221;off&#8221; custom_button=&#8221;on&#8221; button_icon=&#8221;%%202%%&#8221; button_on_hover=&#8221;off&#8221; link_option_url=&#8221;https:\/\/castelldeconcabella.cat\/es\/contacto\/&#8221;]<\/p>\n<p>una porta per descobrir la Segarra<\/p>\n<p>[\/et_pb_cta][\/et_pb_column][\/et_pb_row][\/et_pb_section]<\/p>\n","protected":false},"excerpt":{"rendered":"<p>Serveis di\u00fcrns: L\u00ednea 109 &#8211; Lleida &#8211; Agramunt &#8211; Cervera L\u00ednea 310 &#8211; Tor\u00e0 &#8211; T\u00e0rrega L\u00ednea 311 &#8211; Mont-roig &#8211; Guissona L\u00ednea 319 &#8211; Torrefeta &#8211; Concabella L\u00ednea 510 &#8211; Mont-roig \u2013 Cervera Activitats una porta per descobrir la Segarra<\/p>\n","protected":false},"author":1,"featured_media":0,"parent":1296,"menu_order":3,"comment_status":"closed","ping_status":"closed","template":"","meta":{"_et_pb_use_builder":"on","_et_pb_old_content":"<!-- wp:divi\/placeholder \/-->","_et_gb_content_width":"","footnotes":""},"_links":{"self":[{"href":"https:\/\/castelldeconcabella.cat\/es\/wp-json\/wp\/v2\/pages\/1311"}],"collection":[{"href":"https:\/\/castelldeconcabella.cat\/es\/wp-json\/wp\/v2\/pages"}],"about":[{"href":"https:\/\/castelldeconcabella.cat\/es\/wp-json\/wp\/v2\/types\/page"}],"author":[{"embeddable":true,"href":"https:\/\/castelldeconcabella.cat\/es\/wp-json\/wp\/v2\/users\/1"}],"replies":[{"embeddable":true,"href":"https:\/\/castelldeconcabella.cat\/es\/wp-json\/wp\/v2\/comments?post=1311"}],"version-history":[{"count":9,"href":"https:\/\/castelldeconcabella.cat\/es\/wp-json\/wp\/v2\/pages\/1311\/revisions"}],"predecessor-version":[{"id":3587,"href":"https:\/\/castelldeconcabella.cat\/es\/wp-json\/wp\/v2\/pages\/1311\/revisions\/3587"}],"up":[{"embeddable":true,"href":"https:\/\/castelldeconcabella.cat\/es\/wp-json\/wp\/v2\/pages\/1296"}],"wp:attachment":[{"href":"https:\/\/castelldeconcabella.cat\/es\/wp-json\/wp\/v2\/media?parent=1311"}],"curies":[{"name":"wp","href":"https:\/\/api.w.org\/{rel}","templated":true}]}}

<p>[et_pb_section bb_built=&#8221;1&#8243; fullwidth=&#8221;on&#8221; custom_padding_last_edited=&#8221;on|desktop&#8221; _builder_version=&#8221;3.18.2&#8243; custom_margin_last_edited=&#8221;on|desktop&#8221; custom_padding_tablet=&#8221;||&#8221; locked=&#8221;off&#8221; next_background_color=&#8221;#000000&#8243;][et_pb_fullwidth_header title=&#8221;Información útil / Transporte&#8221; _builder_version=&#8221;3.18.2&#8243; title_font=&#8221;||||||||&#8221; title_text_color=&#8221;#e86434&#8243; title_font_size_tablet=&#8221;24px&#8221; title_font_size_last_edited=&#8221;on|phone&#8221; background_color=&#8221;#ede9db&#8221; custom_margin_tablet=&#8221;||&#8221; custom_margin_last_edited=&#8221;on|desktop&#8221; custom_padding=&#8221;20px||20px&#8221; custom_padding_tablet=&#8221;0px||0px&#8221; custom_padding_phone=&#8221;0px||0px&#8221; custom_padding_last_edited=&#8221;on|phone&#8221;]</p>
<p>[/et_pb_fullwidth_header][/et_pb_section][et_pb_section bb_built=&#8221;1&#8243; _builder_version=&#8221;3.18.2&#8243; prev_background_color=&#8221;#000000&#8243; next_background_color=&#8221;#000000&#8243;][et_pb_row background_color_2=&#8221;rgba(237,233,219,0.5)&#8221; padding_top_2=&#8221;20px&#8221; padding_right_2=&#8221;20px&#8221; padding_bottom_2=&#8221;20px&#8221; padding_left_2=&#8221;20px&#8221; _builder_version=&#8221;3.18.2&#8243;][et_pb_column type=&#8221;1_2&#8243;][et_pb_button button_url=&#8221;http://www.atmlleida.cat/es/horaris&#8221; url_new_window=&#8221;on&#8221; button_text=&#8221;BUS Concabella&#8221; _builder_version=&#8221;3.18.2&#8243; custom_button=&#8221;on&#8221; button_border_color=&#8221;#dad3b7&#8243; button_font=&#8221;||||||||&#8221; button_icon=&#8221;%%24%%&#8221; locked=&#8221;off&#8221;]</p>
<p>[/et_pb_button][et_pb_text _builder_version=&#8221;3.18.2&#8243; text_font=&#8221;||||||||&#8221;]</p>
<p><strong>Serveis diürns:</strong></p>
<p>Línea 109 &#8211; Lleida &#8211; Agramunt &#8211; Cervera<br /> Línea 310 &#8211; Torà &#8211; Tàrrega<br /> Línea 311 &#8211; Mont-roig &#8211; Guissona<br /> Línea 319 &#8211; Torrefeta &#8211; Concabella<br /> Línea 510 &#8211; Mont-roig – Cervera</p>
<p>[/et_pb_text][et_pb_button button_url=&#8221;https://moovit.com/?from=Concabella&amp;to=Cervera&amp;fll=41.751481_1.234193&amp;tll=41.673716_1.274709&amp;customerId=4908&amp;metroId=362&amp;lang=es&#8221; url_new_window=&#8221;on&#8221; button_text=&#8221;Calcular la ruta con MOOVIT&#8221; _builder_version=&#8221;3.18.2&#8243; custom_button=&#8221;on&#8221; button_border_color=&#8221;#dad3b7&#8243; button_font=&#8221;||||||||&#8221; button_icon=&#8221;%%24%%&#8221; locked=&#8221;off&#8221;]</p>
<p>[/et_pb_button][et_pb_button button_url=&#8221;https://goo.gl/vr97nE&#8221; url_new_window=&#8221;on&#8221; button_text=&#8221;Calcular la ruta con GOOGLE MAPS&#8221; _builder_version=&#8221;3.18.2&#8243; custom_button=&#8221;on&#8221; button_border_color=&#8221;#dad3b7&#8243; button_font=&#8221;||||||||&#8221; button_icon=&#8221;%%24%%&#8221; locked=&#8221;off&#8221;]</p>
<p>[/et_pb_button][/et_pb_column][et_pb_column type=&#8221;1_2&#8243;][et_pb_image _builder_version=&#8221;3.19.15&#8243; src=&#8221;http://castelldeconcabella.cat/wp-content/uploads/2019/02/transport1.jpg&#8221; /][/et_pb_column][/et_pb_row][/et_pb_section][et_pb_section bb_built=&#8221;1&#8243; admin_label=&#8221;CAT-Actividades-sección&#8221; _builder_version=&#8221;3.19.14&#8243; saved_tabs=&#8221;all&#8221; custom_margin=&#8221;0px||&#8221; custom_padding=&#8221;0px||&#8221; prev_background_color=&#8221;#000000&#8243; next_background_color=&#8221;#e86434&#8243;][et_pb_row _builder_version=&#8221;3.19.14&#8243;][et_pb_column type=&#8221;4_4&#8243;][et_pb_text _builder_version=&#8221;3.19.14&#8243; text_font=&#8221;Montserrat|700|||||||&#8221; text_text_color=&#8221;#62938f&#8221; text_font_size=&#8221;24px&#8221;]</p>
<p>Activitats</p>
<p>[/et_pb_text][et_pb_divider _builder_version=&#8221;3.17.6&#8243; /][/et_pb_column][/et_pb_row][et_pb_row _builder_version=&#8221;3.18.2&#8243;][et_pb_column type=&#8221;4_4&#8243;][et_pb_portfolio fullwidth=&#8221;off&#8221; posts_number=&#8221;4&#8243; include_categories=&#8221;17&#8243; show_categories=&#8221;off&#8221; show_pagination=&#8221;off&#8221; hover_overlay_color=&#8221;rgba(237,233,219,0.7)&#8221; _builder_version=&#8221;3.19.14&#8243; locked=&#8221;off&#8221; /][/et_pb_column][/et_pb_row][/et_pb_section][et_pb_section bb_built=&#8221;1&#8243; admin_label=&#8221;CAT-CTA-sección&#8221; prev_background_color=&#8221;#ffffff&#8221; _builder_version=&#8221;3.18.2&#8243; background_color=&#8221;#e86434&#8243; top_divider_style=&#8221;wave2&#8243; saved_tabs=&#8221;all&#8221;][et_pb_row custom_padding=&#8221;20px|||&#8221; padding_top_1=&#8221;20px&#8221; _builder_version=&#8221;3.18.2&#8243;][et_pb_column type=&#8221;4_4&#8243;][et_pb_cta title=&#8221;Castell de Concabella&#8221; button_url=&#8221;https://castelldeconcabella.cat/es/contacto/&#8221; button_text=&#8221;¡Reserva una visita!&#8221; _builder_version=&#8221;3.19.14&#8243; header_font_size=&#8221;32&#8243; body_font_size=&#8221;16&#8243; use_background_color=&#8221;off&#8221; custom_button=&#8221;on&#8221; button_icon=&#8221;%%202%%&#8221; button_on_hover=&#8221;off&#8221; link_option_url=&#8221;https://castelldeconcabella.cat/es/contacto/&#8221;]</p>
<p>una porta per descobrir la Segarra</p>
<p>[/et_pb_cta][/et_pb_column][/et_pb_row][/et_pb_section]</p>

<p>Serveis diürns: Línea 109 &#8211; Lleida &#8211; Agramunt &#8211; Cervera Línea 310 &#8211; Torà &#8211; Tàrrega Línea 311 &#8211; Mont-roig &#8211; Guissona Línea 319 &#8211; Torrefeta &#8211; Concabella Línea 510 &#8211; Mont-roig – Cervera Activitats una porta per descobrir la Segarra</p>
