{"id":1728,"date":"2019-02-13T22:22:58","date_gmt":"2019-02-13T21:22:58","guid":{"rendered":"http:\/\/castelldeconcabella.cat\/?page_id=1728"},"modified":"2019-02-19T11:50:56","modified_gmt":"2019-02-19T10:50:56","slug":"espacios","status":"publish","type":"page","link":"https:\/\/castelldeconcabella.cat\/es\/el-castillo\/espacios\/","title":{"rendered":"Espacios"},"content":{"rendered":"<p>[et_pb_section bb_built=&#8221;1&#8243; fullwidth=&#8221;on&#8221; _builder_version=&#8221;3.18.2&#8243; next_background_color=&#8221;#000000&#8243;][et_pb_fullwidth_header title=&#8221;El Castillo \/ Espacios&#8221; _builder_version=&#8221;3.19.14&#8243; title_text_color=&#8221;#e86434&#8243; title_font_size_tablet=&#8221;24px&#8221; title_font_size_last_edited=&#8221;on|tablet&#8221; background_color=&#8221;#ede9db&#8221; custom_margin_tablet=&#8221;||&#8221; custom_margin_last_edited=&#8221;on|desktop&#8221; custom_padding=&#8221;20px||20px&#8221; custom_padding_tablet=&#8221;0px||0px&#8221; custom_padding_last_edited=&#8221;on|phone&#8221; \/][\/et_pb_section][et_pb_section bb_built=&#8221;1&#8243; _builder_version=&#8221;3.18.2&#8243; prev_background_color=&#8221;#000000&#8243; next_background_color=&#8221;#000000&#8243;][et_pb_row background_color_2=&#8221;rgba(237,233,219,0.5)&#8221; padding_top_2=&#8221;20px&#8221; padding_right_2=&#8221;20px&#8221; padding_bottom_2=&#8221;20px&#8221; padding_left_2=&#8221;20px&#8221; _builder_version=&#8221;3.18.2&#8243;][et_pb_column type=&#8221;3_5&#8243;][et_pb_text _builder_version=&#8221;3.19.14&#8243;]<\/p>\n<p>El Castillo de Concabella cuenta con diferentes espacios. Las instalaciones pueden alquilarse para actividades diversas.<\/p>\n<p>&nbsp;<\/p>\n<p><strong><a href=\"https:\/\/castelldeconcabella.cat\/es\/centros-de-interpretacion\/centre-dinterpretacio-dels-castells-del-sio\/\">\u00bb Centre d\u2019interpretaci\u00f3 dels Castells del Si\u00f3<\/a><\/strong><\/p>\n<p><strong><a href=\"https:\/\/castelldeconcabella.cat\/es\/centros-de-interpretacion\/centre-dinterpretacio-dels-secans-de-lleida\/\">\u00bb Centre d\u2019interpretaci\u00f3 dels Secans de Lleida<\/a><\/strong><\/p>\n<p><strong><a href=\"https:\/\/castelldeconcabella.cat\/es\/centros-de-interpretacion\/espai-pedrolo\/\">\u00bb Espai Pedrolo<\/a><\/strong><\/p>\n<p><strong><a href=\"https:\/\/castelldeconcabella.cat\/es\/centros-de-interpretacion\/fons-documental-de-manuel-de-pedrolo\/\">\u00bb Fons documental de Manuel de Pedrolo<\/a><\/strong><\/p>\n<h1>\u00a0<\/h1>\n<h1>Sala de exposiciones temporales<\/h1>\n<p>El Castillo de Concabella acoge numerosas exposiciones a lo largo del a\u00f1o. La sala, grande y espaciosa, est\u00e1 abierta a todo tipo de muestra y estilo art\u00edstico. Para exponer el Castillo de Concabella a presentar la propuesta mediante un correo electr\u00f3nico a <a href=\"mailto:info@castelldeconcabella.cat\">info@castelldeconcabella.cat<\/a><\/p>\n<h1>\u00a0<\/h1>\n<h1>Sala Polivalente<\/h1>\n<p>Una gran sala polivalente ocupa el espacio central del Castillo de Concabella. Se pueden realizar todo tipo de actividades: desde conciertos o teatros, hasta comidas o fiestas privadas. Dispone de escenario y equipamiento b\u00e1sico de luz y sonido, ampliable en caso de necesidad. Es un espacio amplio, con aforo para 150 personas, que puede adaptarse f\u00e1cilmente a cualquier evento.<\/p>\n<p>La Sala Polivalente del Castillo de Concabella acoge, entre otras, las actividades organizadas por la asociaci\u00f3n cultural Amigos del Castillo de Concabella, como el Festival de M\u00fasica Castillo de Concabella, el JazzConcabella, conferencias, obras de teatro o presentaciones de libros.<\/p>\n<h1>\u00a0<\/h1>\n<h1>Sala de las arcadas (local social)<\/h1>\n<p>El Castillo de Concabella dispone de una peque\u00f1a sala-bar polivalente, adecuada para charlas y muestras audiovisuales y equipada con mesas y sillas, televisi\u00f3n, nevera y cafetera y m\u00e1quina de vending.<\/p>\n<h1>\u00a0<\/h1>\n<h1>Sala de Actos<\/h1>\n<p>El tercer piso del Castillo de Concabella dispone de una peque\u00f1a sala, con aforo para unas 50 personas, que puede acoger actividades diversas, como charlas y muestras de audiovisuales. Est\u00e1 equipada con proyector y pantalla y mesas y sillas seg\u00fan necesidad.<\/p>\n<p>[\/et_pb_text][\/et_pb_column][et_pb_column type=&#8221;2_5&#8243;][et_pb_gallery gallery_ids=&#8221;1954,1956,1958&#8243; hover_overlay_color=&#8221;rgba(237,233,219,0.7)&#8221; _builder_version=&#8221;3.19.15&#8243; show_pagination=&#8221;off&#8221; \/][\/et_pb_column][\/et_pb_row][\/et_pb_section][et_pb_section bb_built=&#8221;1&#8243; admin_label=&#8221;CAT-Actividades-secci\u00f3n&#8221; _builder_version=&#8221;3.18.2&#8243; saved_tabs=&#8221;all&#8221; prev_background_color=&#8221;#000000&#8243; next_background_color=&#8221;#e86434&#8243;][et_pb_row _builder_version=&#8221;3.18.2&#8243;][et_pb_column type=&#8221;4_4&#8243;][et_pb_text _builder_version=&#8221;3.19.14&#8243; text_font=&#8221;Montserrat|700|||||||&#8221; text_text_color=&#8221;#62938f&#8221; text_font_size=&#8221;24px&#8221;]<\/p>\n<p>Actividades<\/p>\n<p>[\/et_pb_text][et_pb_divider _builder_version=&#8221;3.19.14&#8243; \/][\/et_pb_column][\/et_pb_row][et_pb_row _builder_version=&#8221;3.18.2&#8243;][et_pb_column type=&#8221;4_4&#8243;][et_pb_portfolio fullwidth=&#8221;off&#8221; posts_number=&#8221;4&#8243; include_categories=&#8221;27&#8243; show_categories=&#8221;off&#8221; show_pagination=&#8221;off&#8221; hover_overlay_color=&#8221;rgba(237,233,219,0.7)&#8221; _builder_version=&#8221;3.19.14&#8243; locked=&#8221;off&#8221; \/][\/et_pb_column][\/et_pb_row][\/et_pb_section][et_pb_section bb_built=&#8221;1&#8243; admin_label=&#8221;CAT-CTA-secci\u00f3n&#8221; prev_background_color=&#8221;#ffffff&#8221; _builder_version=&#8221;3.18.2&#8243; background_color=&#8221;#e86434&#8243; top_divider_style=&#8221;wave2&#8243; saved_tabs=&#8221;all&#8221;][et_pb_row custom_padding=&#8221;20px|||&#8221; padding_top_1=&#8221;20px&#8221; _builder_version=&#8221;3.18.2&#8243;][et_pb_column type=&#8221;4_4&#8243;][et_pb_cta title=&#8221;Castell de Concabella&#8221; button_url=&#8221;https:\/\/castelldeconcabella.cat\/es\/contacto\/&#8221; button_text=&#8221;\u00a1Reserva una visita!&#8221; _builder_version=&#8221;3.18.2&#8243; header_font_size=&#8221;32&#8243; body_font_size=&#8221;16&#8243; use_background_color=&#8221;off&#8221; custom_button=&#8221;on&#8221; button_icon=&#8221;%%202%%&#8221; button_on_hover=&#8221;off&#8221; link_option_url=&#8221;http:\/\/castelldeconcabella.cat\/contacte\/&#8221;]<\/p>\n<p>una puerta para descubrir la Segarra<\/p>\n<p>[\/et_pb_cta][\/et_pb_column][\/et_pb_row][\/et_pb_section]<\/p>\n","protected":false},"excerpt":{"rendered":"<p>El Castillo de Concabella cuenta con diferentes espacios. Las instalaciones pueden alquilarse para actividades diversas. &nbsp; \u00bb Centre d\u2019interpretaci\u00f3 dels Castells del Si\u00f3 \u00bb Centre d\u2019interpretaci\u00f3 dels Secans de Lleida \u00bb Espai Pedrolo \u00bb Fons documental de Manuel de Pedrolo \u00a0 Sala de exposiciones temporales El Castillo de Concabella acoge numerosas exposiciones a lo largo [&hellip;]<\/p>\n","protected":false},"author":1,"featured_media":0,"parent":1277,"menu_order":2,"comment_status":"closed","ping_status":"closed","template":"","meta":{"_et_pb_use_builder":"on","_et_pb_old_content":"","_et_gb_content_width":"","footnotes":""},"_links":{"self":[{"href":"https:\/\/castelldeconcabella.cat\/es\/wp-json\/wp\/v2\/pages\/1728"}],"collection":[{"href":"https:\/\/castelldeconcabella.cat\/es\/wp-json\/wp\/v2\/pages"}],"about":[{"href":"https:\/\/castelldeconcabella.cat\/es\/wp-json\/wp\/v2\/types\/page"}],"author":[{"embeddable":true,"href":"https:\/\/castelldeconcabella.cat\/es\/wp-json\/wp\/v2\/users\/1"}],"replies":[{"embeddable":true,"href":"https:\/\/castelldeconcabella.cat\/es\/wp-json\/wp\/v2\/comments?post=1728"}],"version-history":[{"count":13,"href":"https:\/\/castelldeconcabella.cat\/es\/wp-json\/wp\/v2\/pages\/1728\/revisions"}],"predecessor-version":[{"id":1961,"href":"https:\/\/castelldeconcabella.cat\/es\/wp-json\/wp\/v2\/pages\/1728\/revisions\/1961"}],"up":[{"embeddable":true,"href":"https:\/\/castelldeconcabella.cat\/es\/wp-json\/wp\/v2\/pages\/1277"}],"wp:attachment":[{"href":"https:\/\/castelldeconcabella.cat\/es\/wp-json\/wp\/v2\/media?parent=1728"}],"curies":[{"name":"wp","href":"https:\/\/api.w.org\/{rel}","templated":true}]}}

<p>[et_pb_section bb_built=&#8221;1&#8243; fullwidth=&#8221;on&#8221; _builder_version=&#8221;3.18.2&#8243; next_background_color=&#8221;#000000&#8243;][et_pb_fullwidth_header title=&#8221;El Castillo / Espacios&#8221; _builder_version=&#8221;3.19.14&#8243; title_text_color=&#8221;#e86434&#8243; title_font_size_tablet=&#8221;24px&#8221; title_font_size_last_edited=&#8221;on|tablet&#8221; background_color=&#8221;#ede9db&#8221; custom_margin_tablet=&#8221;||&#8221; custom_margin_last_edited=&#8221;on|desktop&#8221; custom_padding=&#8221;20px||20px&#8221; custom_padding_tablet=&#8221;0px||0px&#8221; custom_padding_last_edited=&#8221;on|phone&#8221; /][/et_pb_section][et_pb_section bb_built=&#8221;1&#8243; _builder_version=&#8221;3.18.2&#8243; prev_background_color=&#8221;#000000&#8243; next_background_color=&#8221;#000000&#8243;][et_pb_row background_color_2=&#8221;rgba(237,233,219,0.5)&#8221; padding_top_2=&#8221;20px&#8221; padding_right_2=&#8221;20px&#8221; padding_bottom_2=&#8221;20px&#8221; padding_left_2=&#8221;20px&#8221; _builder_version=&#8221;3.18.2&#8243;][et_pb_column type=&#8221;3_5&#8243;][et_pb_text _builder_version=&#8221;3.19.14&#8243;]</p>
<p>El Castillo de Concabella cuenta con diferentes espacios. Las instalaciones pueden alquilarse para actividades diversas.</p>
<p>&nbsp;</p>
<p><strong><a href="https://castelldeconcabella.cat/es/centros-de-interpretacion/centre-dinterpretacio-dels-castells-del-sio/">» Centre d’interpretació dels Castells del Sió</a></strong></p>
<p><strong><a href="https://castelldeconcabella.cat/es/centros-de-interpretacion/centre-dinterpretacio-dels-secans-de-lleida/">» Centre d’interpretació dels Secans de Lleida</a></strong></p>
<p><strong><a href="https://castelldeconcabella.cat/es/centros-de-interpretacion/espai-pedrolo/">» Espai Pedrolo</a></strong></p>
<p><strong><a href="https://castelldeconcabella.cat/es/centros-de-interpretacion/fons-documental-de-manuel-de-pedrolo/">» Fons documental de Manuel de Pedrolo</a></strong></p>
<h1> </h1>
<h1>Sala de exposiciones temporales</h1>
<p>El Castillo de Concabella acoge numerosas exposiciones a lo largo del año. La sala, grande y espaciosa, está abierta a todo tipo de muestra y estilo artístico. Para exponer el Castillo de Concabella a presentar la propuesta mediante un correo electrónico a <a href="mailto:info@castelldeconcabella.cat">info@castelldeconcabella.cat</a></p>
<h1> </h1>
<h1>Sala Polivalente</h1>
<p>Una gran sala polivalente ocupa el espacio central del Castillo de Concabella. Se pueden realizar todo tipo de actividades: desde conciertos o teatros, hasta comidas o fiestas privadas. Dispone de escenario y equipamiento básico de luz y sonido, ampliable en caso de necesidad. Es un espacio amplio, con aforo para 150 personas, que puede adaptarse fácilmente a cualquier evento.</p>
<p>La Sala Polivalente del Castillo de Concabella acoge, entre otras, las actividades organizadas por la asociación cultural Amigos del Castillo de Concabella, como el Festival de Música Castillo de Concabella, el JazzConcabella, conferencias, obras de teatro o presentaciones de libros.</p>
<h1> </h1>
<h1>Sala de las arcadas (local social)</h1>
<p>El Castillo de Concabella dispone de una pequeña sala-bar polivalente, adecuada para charlas y muestras audiovisuales y equipada con mesas y sillas, televisión, nevera y cafetera y máquina de vending.</p>
<h1> </h1>
<h1>Sala de Actos</h1>
<p>El tercer piso del Castillo de Concabella dispone de una pequeña sala, con aforo para unas 50 personas, que puede acoger actividades diversas, como charlas y muestras de audiovisuales. Está equipada con proyector y pantalla y mesas y sillas según necesidad.</p>
<p>[/et_pb_text][/et_pb_column][et_pb_column type=&#8221;2_5&#8243;][et_pb_gallery gallery_ids=&#8221;1954,1956,1958&#8243; hover_overlay_color=&#8221;rgba(237,233,219,0.7)&#8221; _builder_version=&#8221;3.19.15&#8243; show_pagination=&#8221;off&#8221; /][/et_pb_column][/et_pb_row][/et_pb_section][et_pb_section bb_built=&#8221;1&#8243; admin_label=&#8221;CAT-Actividades-sección&#8221; _builder_version=&#8221;3.18.2&#8243; saved_tabs=&#8221;all&#8221; prev_background_color=&#8221;#000000&#8243; next_background_color=&#8221;#e86434&#8243;][et_pb_row _builder_version=&#8221;3.18.2&#8243;][et_pb_column type=&#8221;4_4&#8243;][et_pb_text _builder_version=&#8221;3.19.14&#8243; text_font=&#8221;Montserrat|700|||||||&#8221; text_text_color=&#8221;#62938f&#8221; text_font_size=&#8221;24px&#8221;]</p>
<p>Actividades</p>
<p>[/et_pb_text][et_pb_divider _builder_version=&#8221;3.19.14&#8243; /][/et_pb_column][/et_pb_row][et_pb_row _builder_version=&#8221;3.18.2&#8243;][et_pb_column type=&#8221;4_4&#8243;][et_pb_portfolio fullwidth=&#8221;off&#8221; posts_number=&#8221;4&#8243; include_categories=&#8221;27&#8243; show_categories=&#8221;off&#8221; show_pagination=&#8221;off&#8221; hover_overlay_color=&#8221;rgba(237,233,219,0.7)&#8221; _builder_version=&#8221;3.19.14&#8243; locked=&#8221;off&#8221; /][/et_pb_column][/et_pb_row][/et_pb_section][et_pb_section bb_built=&#8221;1&#8243; admin_label=&#8221;CAT-CTA-sección&#8221; prev_background_color=&#8221;#ffffff&#8221; _builder_version=&#8221;3.18.2&#8243; background_color=&#8221;#e86434&#8243; top_divider_style=&#8221;wave2&#8243; saved_tabs=&#8221;all&#8221;][et_pb_row custom_padding=&#8221;20px|||&#8221; padding_top_1=&#8221;20px&#8221; _builder_version=&#8221;3.18.2&#8243;][et_pb_column type=&#8221;4_4&#8243;][et_pb_cta title=&#8221;Castell de Concabella&#8221; button_url=&#8221;https://castelldeconcabella.cat/es/contacto/&#8221; button_text=&#8221;¡Reserva una visita!&#8221; _builder_version=&#8221;3.18.2&#8243; header_font_size=&#8221;32&#8243; body_font_size=&#8221;16&#8243; use_background_color=&#8221;off&#8221; custom_button=&#8221;on&#8221; button_icon=&#8221;%%202%%&#8221; button_on_hover=&#8221;off&#8221; link_option_url=&#8221;http://castelldeconcabella.cat/contacte/&#8221;]</p>
<p>una puerta para descubrir la Segarra</p>
<p>[/et_pb_cta][/et_pb_column][/et_pb_row][/et_pb_section]</p>

<p>El Castillo de Concabella cuenta con diferentes espacios. Las instalaciones pueden alquilarse para actividades diversas. &nbsp; » Centre d’interpretació dels Castells del Sió » Centre d’interpretació dels Secans de Lleida » Espai Pedrolo » Fons documental de Manuel de Pedrolo   Sala de exposiciones temporales El Castillo de Concabella acoge numerosas exposiciones a lo largo [&hellip;]</p>
