{"id":1415,"date":"2019-01-22T23:44:48","date_gmt":"2019-01-22T22:44:48","guid":{"rendered":"http:\/\/castelldeconcabella.cat\/project\/19-01-2019-iii-jazzconcabella-2019-inmotion-sax-quartet\/"},"modified":"2023-05-03T09:03:51","modified_gmt":"2023-05-03T08:03:51","slug":"19-01-2019-iii-jazzconcabella-2019-inmotion-sax-quartet","status":"publish","type":"project","link":"https:\/\/castelldeconcabella.cat\/es\/project\/19-01-2019-iii-jazzconcabella-2019-inmotion-sax-quartet\/","title":{"rendered":"19\/01\/2019: Inmotion Sax Quartet (III Concabella Jazz)"},"content":{"rendered":"<p>[et_pb_section bb_built=&#8221;1&#8243; fullwidth=&#8221;on&#8221; _builder_version=&#8221;3.18.2&#8243; custom_margin=&#8221;|||&#8221; saved_tabs=&#8221;all&#8221; next_background_color=&#8221;#000000&#8243;][et_pb_fullwidth_header admin_label=&#8221;CAT-Actividades-t\u00edtulo&#8221; title=&#8221;19\/01\/2019: Inmotion Sax Quartet (III Concabella Jazz)&#8221; _builder_version=&#8221;3.19.14&#8243; title_text_color=&#8221;#e86434&#8243; title_font_size_tablet=&#8221;24px&#8221; title_font_size_last_edited=&#8221;on|desktop&#8221; background_color=&#8221;#ede9db&#8221; custom_padding=&#8221;20px||20px&#8221; custom_padding_tablet=&#8221;0px||0px&#8221; custom_padding_last_edited=&#8221;on|desktop&#8221; hover_enabled=&#8221;0&#8243; saved_tabs=&#8221;all&#8221; locked=&#8221;off&#8221; \/][\/et_pb_section][et_pb_section bb_built=&#8221;1&#8243; _builder_version=&#8221;3.18.2&#8243; prev_background_color=&#8221;#000000&#8243; next_background_color=&#8221;#000000&#8243;][et_pb_row background_color_2=&#8221;rgba(237,233,219,0.5)&#8221; padding_top_2=&#8221;20px&#8221; padding_right_2=&#8221;20px&#8221; padding_bottom_2=&#8221;20px&#8221; padding_left_2=&#8221;20px&#8221; _builder_version=&#8221;3.18.2&#8243; locked=&#8221;off&#8221;][et_pb_column type=&#8221;1_2&#8243;][et_pb_image src=&#8221;http:\/\/castelldeconcabella.cat\/wp-content\/uploads\/2018\/12\/a-005.jpg&#8221; _builder_version=&#8221;3.19.14&#8243;]<\/p>\n<p>[\/et_pb_image][\/et_pb_column][et_pb_column type=&#8221;1_2&#8243;][et_pb_text admin_label=&#8221;CAT-Actividades-texto&#8221; _builder_version=&#8221;3.19.14&#8243; saved_tabs=&#8221;all&#8221;]<\/p>\n<p>La joven formaci\u00f3n de T\u00e1rrega InMotion Jazz Quartet protagonizar\u00e1, el pr\u00f3ximo s\u00e1bado 19 de febrero, el concierto inaugural de la tercera edici\u00f3n del festival Jazz Concabella, en el Castillo de Concabella, en el municipio de Plans de Si\u00f3 (Segarra). Este grupo de saxos, fundado el a\u00f1o 2012, interpreta un repertorio que va desde el jazz cl\u00e1sico y el funk hasta la m\u00fasica minimalista. Uno de los objetivos de la banda es estrenar y dar difusi\u00f3n a piezas de compositores catalanes.<\/p>\n<p>El festival incluir\u00e1 dos citas m\u00e1s: Albert Sanz Trio (16 de febrero) y Jordi Rossy Vibes Quintet (23 de marzo). El precio de la entrada para los Amics del Castell de Concabella y menores ser\u00e1 de 10 \u20ac y para los no socios de 15 \u20ac. Despu\u00e9s del concierto se servir\u00e1 una copa de cava.<\/p>\n<p><strong>Cu\u00e1ndo:<br \/>\n<\/strong>S\u00e1bado 19 de enero de 2019 a las 19 h<\/p>\n<p><strong>Precio:\u00a0<\/strong>10 \u20ac Socios Amics del Castell de Concabella | 15 \u20ac No socios<\/p>\n<p><strong>Organiza:<br \/>\n<\/strong>Amics del Castell de Concabella<br \/>\nAjuntament dels Plans de Si\u00f3<br \/>\nCastell de Concabella<\/p>\n<p>[\/et_pb_text][et_pb_code admin_label=&#8221;Bot\u00f3n Tornar&#8221; _builder_version=&#8221;3.18.2&#8243; saved_tabs=&#8221;all&#8221;]<button onclick=\"goBack()\">\u00ab Tornar<\/button><!-- [et_pb_line_break_holder] --><script><!-- [et_pb_line_break_holder] -->function goBack() {<!-- [et_pb_line_break_holder] --> window.history.back();<!-- [et_pb_line_break_holder] -->}<!-- [et_pb_line_break_holder] --><\/script>[\/et_pb_code][\/et_pb_column][\/et_pb_row][\/et_pb_section][et_pb_section bb_built=&#8221;1&#8243; admin_label=&#8221;CAT-Actividades-secci\u00f3n&#8221; _builder_version=&#8221;3.19.14&#8243; saved_tabs=&#8221;all&#8221; custom_margin=&#8221;0px||&#8221; custom_padding=&#8221;0px||&#8221; prev_background_color=&#8221;#000000&#8243; next_background_color=&#8221;#e86434&#8243;][et_pb_row _builder_version=&#8221;3.19.14&#8243;][et_pb_column type=&#8221;4_4&#8243;][et_pb_text _builder_version=&#8221;3.19.14&#8243; text_font=&#8221;Montserrat|700|||||||&#8221; text_text_color=&#8221;#62938f&#8221; text_font_size=&#8221;24px&#8221;]<\/p>\n<p>Actividades<\/p>\n<p>[\/et_pb_text][et_pb_divider _builder_version=&#8221;3.17.6&#8243; \/][\/et_pb_column][\/et_pb_row][et_pb_row _builder_version=&#8221;3.18.2&#8243;][et_pb_column type=&#8221;4_4&#8243;][et_pb_portfolio fullwidth=&#8221;off&#8221; posts_number=&#8221;4&#8243; include_categories=&#8221;17&#8243; show_categories=&#8221;off&#8221; show_pagination=&#8221;off&#8221; hover_overlay_color=&#8221;rgba(237,233,219,0.7)&#8221; _builder_version=&#8221;3.19.14&#8243; locked=&#8221;off&#8221; \/][\/et_pb_column][\/et_pb_row][\/et_pb_section][et_pb_section bb_built=&#8221;1&#8243; admin_label=&#8221;CAT-CTA-secci\u00f3n&#8221; prev_background_color=&#8221;#ffffff&#8221; _builder_version=&#8221;3.18.2&#8243; background_color=&#8221;#e86434&#8243; top_divider_style=&#8221;wave2&#8243; saved_tabs=&#8221;all&#8221;][et_pb_row custom_padding=&#8221;20px|||&#8221; padding_top_1=&#8221;20px&#8221; _builder_version=&#8221;3.18.2&#8243;][et_pb_column type=&#8221;4_4&#8243;][et_pb_cta title=&#8221;Castell de Concabella&#8221; button_url=&#8221;https:\/\/castelldeconcabella.cat\/es\/contacto\/&#8221; button_text=&#8221;\u00a1Reserva una visita!&#8221; _builder_version=&#8221;3.19.14&#8243; header_font_size=&#8221;32&#8243; body_font_size=&#8221;16&#8243; use_background_color=&#8221;off&#8221; custom_button=&#8221;on&#8221; button_icon=&#8221;%%202%%&#8221; button_on_hover=&#8221;off&#8221; link_option_url=&#8221;https:\/\/castelldeconcabella.cat\/es\/contacto\/&#8221;]<\/p>\n<p>una puerta para descubrir la Segarra<\/p>\n<p>[\/et_pb_cta][\/et_pb_column][\/et_pb_row][\/et_pb_section]<\/p>\n","protected":false},"excerpt":{"rendered":"<p>La joven formaci\u00f3n de T\u00e1rrega InMotion Jazz Quartet protagonizar\u00e1, el pr\u00f3ximo s\u00e1bado 19 de febrero, el concierto inaugural de la tercera edici\u00f3n del festival Jazz Concabella, en el Castillo de Concabella, en el municipio de Plans de Si\u00f3 (Segarra). Este grupo de saxos, fundado el a\u00f1o 2012, interpreta un repertorio que va desde el jazz [&hellip;]<\/p>\n","protected":false},"author":1,"featured_media":1769,"comment_status":"closed","ping_status":"closed","template":"","meta":{"_et_pb_use_builder":"on","_et_pb_old_content":"","_et_gb_content_width":"","footnotes":""},"project_category":[27],"project_tag":[],"_links":{"self":[{"href":"https:\/\/castelldeconcabella.cat\/es\/wp-json\/wp\/v2\/project\/1415"}],"collection":[{"href":"https:\/\/castelldeconcabella.cat\/es\/wp-json\/wp\/v2\/project"}],"about":[{"href":"https:\/\/castelldeconcabella.cat\/es\/wp-json\/wp\/v2\/types\/project"}],"author":[{"embeddable":true,"href":"https:\/\/castelldeconcabella.cat\/es\/wp-json\/wp\/v2\/users\/1"}],"replies":[{"embeddable":true,"href":"https:\/\/castelldeconcabella.cat\/es\/wp-json\/wp\/v2\/comments?post=1415"}],"version-history":[{"count":9,"href":"https:\/\/castelldeconcabella.cat\/es\/wp-json\/wp\/v2\/project\/1415\/revisions"}],"predecessor-version":[{"id":3592,"href":"https:\/\/castelldeconcabella.cat\/es\/wp-json\/wp\/v2\/project\/1415\/revisions\/3592"}],"wp:featuredmedia":[{"embeddable":true,"href":"https:\/\/castelldeconcabella.cat\/es\/wp-json\/wp\/v2\/media\/1769"}],"wp:attachment":[{"href":"https:\/\/castelldeconcabella.cat\/es\/wp-json\/wp\/v2\/media?parent=1415"}],"wp:term":[{"taxonomy":"project_category","embeddable":true,"href":"https:\/\/castelldeconcabella.cat\/es\/wp-json\/wp\/v2\/project_category?post=1415"},{"taxonomy":"project_tag","embeddable":true,"href":"https:\/\/castelldeconcabella.cat\/es\/wp-json\/wp\/v2\/project_tag?post=1415"}],"curies":[{"name":"wp","href":"https:\/\/api.w.org\/{rel}","templated":true}]}}

<p>[et_pb_section bb_built=&#8221;1&#8243; fullwidth=&#8221;on&#8221; _builder_version=&#8221;3.18.2&#8243; custom_margin=&#8221;|||&#8221; saved_tabs=&#8221;all&#8221; next_background_color=&#8221;#000000&#8243;][et_pb_fullwidth_header admin_label=&#8221;CAT-Actividades-título&#8221; title=&#8221;19/01/2019: Inmotion Sax Quartet (III Concabella Jazz)&#8221; _builder_version=&#8221;3.19.14&#8243; title_text_color=&#8221;#e86434&#8243; title_font_size_tablet=&#8221;24px&#8221; title_font_size_last_edited=&#8221;on|desktop&#8221; background_color=&#8221;#ede9db&#8221; custom_padding=&#8221;20px||20px&#8221; custom_padding_tablet=&#8221;0px||0px&#8221; custom_padding_last_edited=&#8221;on|desktop&#8221; hover_enabled=&#8221;0&#8243; saved_tabs=&#8221;all&#8221; locked=&#8221;off&#8221; /][/et_pb_section][et_pb_section bb_built=&#8221;1&#8243; _builder_version=&#8221;3.18.2&#8243; prev_background_color=&#8221;#000000&#8243; next_background_color=&#8221;#000000&#8243;][et_pb_row background_color_2=&#8221;rgba(237,233,219,0.5)&#8221; padding_top_2=&#8221;20px&#8221; padding_right_2=&#8221;20px&#8221; padding_bottom_2=&#8221;20px&#8221; padding_left_2=&#8221;20px&#8221; _builder_version=&#8221;3.18.2&#8243; locked=&#8221;off&#8221;][et_pb_column type=&#8221;1_2&#8243;][et_pb_image src=&#8221;http://castelldeconcabella.cat/wp-content/uploads/2018/12/a-005.jpg&#8221; _builder_version=&#8221;3.19.14&#8243;]</p>
<p>[/et_pb_image][/et_pb_column][et_pb_column type=&#8221;1_2&#8243;][et_pb_text admin_label=&#8221;CAT-Actividades-texto&#8221; _builder_version=&#8221;3.19.14&#8243; saved_tabs=&#8221;all&#8221;]</p>
<p>La joven formación de Tárrega InMotion Jazz Quartet protagonizará, el próximo sábado 19 de febrero, el concierto inaugural de la tercera edición del festival Jazz Concabella, en el Castillo de Concabella, en el municipio de Plans de Sió (Segarra). Este grupo de saxos, fundado el año 2012, interpreta un repertorio que va desde el jazz clásico y el funk hasta la música minimalista. Uno de los objetivos de la banda es estrenar y dar difusión a piezas de compositores catalanes.</p>
<p>El festival incluirá dos citas más: Albert Sanz Trio (16 de febrero) y Jordi Rossy Vibes Quintet (23 de marzo). El precio de la entrada para los Amics del Castell de Concabella y menores será de 10 € y para los no socios de 15 €. Después del concierto se servirá una copa de cava.</p>
<p><strong>Cuándo:<br />
</strong>Sábado 19 de enero de 2019 a las 19 h</p>
<p><strong>Precio: </strong>10 € Socios Amics del Castell de Concabella | 15 € No socios</p>
<p><strong>Organiza:<br />
</strong>Amics del Castell de Concabella<br />
Ajuntament dels Plans de Sió<br />
Castell de Concabella</p>
<p>[/et_pb_text][et_pb_code admin_label=&#8221;Botón Tornar&#8221; _builder_version=&#8221;3.18.2&#8243; saved_tabs=&#8221;all&#8221;]<button onclick="goBack()">« Tornar</button><!-- [et_pb_line_break_holder] --><script><!-- [et_pb_line_break_holder] -->function goBack() {<!-- [et_pb_line_break_holder] --> window.history.back();<!-- [et_pb_line_break_holder] -->}<!-- [et_pb_line_break_holder] --></script>[/et_pb_code][/et_pb_column][/et_pb_row][/et_pb_section][et_pb_section bb_built=&#8221;1&#8243; admin_label=&#8221;CAT-Actividades-sección&#8221; _builder_version=&#8221;3.19.14&#8243; saved_tabs=&#8221;all&#8221; custom_margin=&#8221;0px||&#8221; custom_padding=&#8221;0px||&#8221; prev_background_color=&#8221;#000000&#8243; next_background_color=&#8221;#e86434&#8243;][et_pb_row _builder_version=&#8221;3.19.14&#8243;][et_pb_column type=&#8221;4_4&#8243;][et_pb_text _builder_version=&#8221;3.19.14&#8243; text_font=&#8221;Montserrat|700|||||||&#8221; text_text_color=&#8221;#62938f&#8221; text_font_size=&#8221;24px&#8221;]</p>
<p>Actividades</p>
<p>[/et_pb_text][et_pb_divider _builder_version=&#8221;3.17.6&#8243; /][/et_pb_column][/et_pb_row][et_pb_row _builder_version=&#8221;3.18.2&#8243;][et_pb_column type=&#8221;4_4&#8243;][et_pb_portfolio fullwidth=&#8221;off&#8221; posts_number=&#8221;4&#8243; include_categories=&#8221;17&#8243; show_categories=&#8221;off&#8221; show_pagination=&#8221;off&#8221; hover_overlay_color=&#8221;rgba(237,233,219,0.7)&#8221; _builder_version=&#8221;3.19.14&#8243; locked=&#8221;off&#8221; /][/et_pb_column][/et_pb_row][/et_pb_section][et_pb_section bb_built=&#8221;1&#8243; admin_label=&#8221;CAT-CTA-sección&#8221; prev_background_color=&#8221;#ffffff&#8221; _builder_version=&#8221;3.18.2&#8243; background_color=&#8221;#e86434&#8243; top_divider_style=&#8221;wave2&#8243; saved_tabs=&#8221;all&#8221;][et_pb_row custom_padding=&#8221;20px|||&#8221; padding_top_1=&#8221;20px&#8221; _builder_version=&#8221;3.18.2&#8243;][et_pb_column type=&#8221;4_4&#8243;][et_pb_cta title=&#8221;Castell de Concabella&#8221; button_url=&#8221;https://castelldeconcabella.cat/es/contacto/&#8221; button_text=&#8221;¡Reserva una visita!&#8221; _builder_version=&#8221;3.19.14&#8243; header_font_size=&#8221;32&#8243; body_font_size=&#8221;16&#8243; use_background_color=&#8221;off&#8221; custom_button=&#8221;on&#8221; button_icon=&#8221;%%202%%&#8221; button_on_hover=&#8221;off&#8221; link_option_url=&#8221;https://castelldeconcabella.cat/es/contacto/&#8221;]</p>
<p>una puerta para descubrir la Segarra</p>
<p>[/et_pb_cta][/et_pb_column][/et_pb_row][/et_pb_section]</p>

<p>La joven formación de Tárrega InMotion Jazz Quartet protagonizará, el próximo sábado 19 de febrero, el concierto inaugural de la tercera edición del festival Jazz Concabella, en el Castillo de Concabella, en el municipio de Plans de Sió (Segarra). Este grupo de saxos, fundado el año 2012, interpreta un repertorio que va desde el jazz [&hellip;]</p>
