{"id":1418,"date":"2019-01-22T23:46:24","date_gmt":"2019-01-22T22:46:24","guid":{"rendered":"http:\/\/castelldeconcabella.cat\/project\/16-02-2019-iii-jazzconcabella-2019-albert-sanz-trio\/"},"modified":"2023-05-03T09:03:51","modified_gmt":"2023-05-03T08:03:51","slug":"16-02-2019-iii-jazzconcabella-2019-albert-sanz-trio","status":"publish","type":"project","link":"https:\/\/castelldeconcabella.cat\/es\/project\/16-02-2019-iii-jazzconcabella-2019-albert-sanz-trio\/","title":{"rendered":"16\/02\/2019: Albert Sanz Trio (III Concabella Jazz)"},"content":{"rendered":"<p>[et_pb_section bb_built=&#8221;1&#8243; admin_label=&#8221;CAT-Actividades-t\u00edtulo&#8221; fullwidth=&#8221;on&#8221; _builder_version=&#8221;3.18.2&#8243; custom_margin=&#8221;|||&#8221; saved_tabs=&#8221;all&#8221; next_background_color=&#8221;#000000&#8243;][et_pb_fullwidth_header admin_label=&#8221;CAT-Actividades-t\u00edtulo&#8221; title=&#8221;16\/02\/2019: Albert Sanz Trio (III Concabella Jazz)&#8221; _builder_version=&#8221;3.19.14&#8243; title_text_color=&#8221;#e86434&#8243; title_font_size_tablet=&#8221;24px&#8221; title_font_size_last_edited=&#8221;on|desktop&#8221; background_color=&#8221;#ede9db&#8221; custom_padding=&#8221;20px||20px&#8221; custom_padding_last_edited=&#8221;on|desktop&#8221; hover_enabled=&#8221;0&#8243; saved_tabs=&#8221;all&#8221; locked=&#8221;off&#8221; custom_padding_tablet=&#8221;0px||0px&#8221; \/][\/et_pb_section][et_pb_section bb_built=&#8221;1&#8243; _builder_version=&#8221;3.18.2&#8243; prev_background_color=&#8221;#000000&#8243; next_background_color=&#8221;#000000&#8243;][et_pb_row background_color_2=&#8221;rgba(237,233,219,0.5)&#8221; padding_top_2=&#8221;20px&#8221; padding_right_2=&#8221;20px&#8221; padding_bottom_2=&#8221;20px&#8221; padding_left_2=&#8221;20px&#8221; _builder_version=&#8221;3.18.2&#8243; locked=&#8221;off&#8221;][et_pb_column type=&#8221;1_2&#8243;][et_pb_image src=&#8221;http:\/\/castelldeconcabella.cat\/wp-content\/uploads\/2018\/12\/a-006.jpg&#8221; _builder_version=&#8221;3.19.14&#8243;]<\/p>\n<p>[\/et_pb_image][\/et_pb_column][et_pb_column type=&#8221;1_2&#8243;][et_pb_text admin_label=&#8221;CAT-Actividades-texto&#8221; _builder_version=&#8221;3.19.14&#8243; saved_tabs=&#8221;all&#8221; hover_enabled=&#8221;0&#8243;]<\/p>\n<p>El tr\u00edo encabezado por el pianista valenciano Albert Sanz actuar\u00e1 en el Castillo de Concabella en el marco del III Jazz Concabella 2019. Albert Sanz Trio, completado por Masa Kamaguchi (contrabajo) y Jordi Rossy (bater\u00eda y vibr\u00e1fono), nos presentar\u00e1 el repertorio del \u00faltimo disco de Sanz, grabado con la secci\u00f3n r\u00edtmica del primer tr\u00edo de Bran Mehldau (Larry Grenadier al contrabajo y el propio Rossy a la bater\u00eda). Despu\u00e9s de presentarlo en el Jamboree, es el turno de Concabella. Sin duda son tres aut\u00e9nticas espadas del jazz de nuestra casa, con clara vocaci\u00f3n de proyectarse internacionalmente.<br \/>\nDespu\u00e9s del concierto se servir\u00e1 una copa de cava.<\/p>\n<p><strong>Cu\u00e1ndo:<br \/>\n<\/strong>S\u00e1bado 16 de febrero de 2019 a las 19 h<\/p>\n<p><strong>Precio:\u00a0<\/strong>10 \u20ac Socios Amics del Castell de Concabella | 15 \u20ac No socios<\/p>\n<p><strong>Organiza:<br \/>\n<\/strong>Amics del Castell de Concabella<br \/>\nAjuntament dels Plans de Si\u00f3<br \/>\nCastell de Concabella<\/p>\n<p>[\/et_pb_text][et_pb_code admin_label=&#8221;Bot\u00f3n Tornar&#8221; _builder_version=&#8221;3.18.2&#8243; saved_tabs=&#8221;all&#8221;]<button onclick=\"goBack()\">\u00ab Tornar<\/button><!-- [et_pb_line_break_holder] --><script><!-- [et_pb_line_break_holder] -->function goBack() {<!-- [et_pb_line_break_holder] --> window.history.back();<!-- [et_pb_line_break_holder] -->}<!-- [et_pb_line_break_holder] --><\/script>[\/et_pb_code][\/et_pb_column][\/et_pb_row][\/et_pb_section][et_pb_section bb_built=&#8221;1&#8243; admin_label=&#8221;CAT-Actividades-secci\u00f3n&#8221; _builder_version=&#8221;3.19.14&#8243; saved_tabs=&#8221;all&#8221; custom_margin=&#8221;0px||&#8221; custom_padding=&#8221;0px||&#8221; prev_background_color=&#8221;#000000&#8243; next_background_color=&#8221;#e86434&#8243;][et_pb_row _builder_version=&#8221;3.19.14&#8243;][et_pb_column type=&#8221;4_4&#8243;][et_pb_text _builder_version=&#8221;3.19.14&#8243; text_font=&#8221;Montserrat|700|||||||&#8221; text_text_color=&#8221;#62938f&#8221; text_font_size=&#8221;24px&#8221;]<\/p>\n<p>Actividades<\/p>\n<p>[\/et_pb_text][et_pb_divider _builder_version=&#8221;3.17.6&#8243; \/][\/et_pb_column][\/et_pb_row][et_pb_row _builder_version=&#8221;3.18.2&#8243;][et_pb_column type=&#8221;4_4&#8243;][et_pb_portfolio fullwidth=&#8221;off&#8221; posts_number=&#8221;4&#8243; include_categories=&#8221;17&#8243; show_categories=&#8221;off&#8221; show_pagination=&#8221;off&#8221; hover_overlay_color=&#8221;rgba(237,233,219,0.7)&#8221; _builder_version=&#8221;3.19.14&#8243; locked=&#8221;off&#8221; \/][\/et_pb_column][\/et_pb_row][\/et_pb_section][et_pb_section bb_built=&#8221;1&#8243; admin_label=&#8221;CAT-CTA-secci\u00f3n&#8221; prev_background_color=&#8221;#ffffff&#8221; _builder_version=&#8221;3.18.2&#8243; background_color=&#8221;#e86434&#8243; top_divider_style=&#8221;wave2&#8243; saved_tabs=&#8221;all&#8221;][et_pb_row custom_padding=&#8221;20px|||&#8221; padding_top_1=&#8221;20px&#8221; _builder_version=&#8221;3.18.2&#8243;][et_pb_column type=&#8221;4_4&#8243;][et_pb_cta title=&#8221;Castell de Concabella&#8221; button_url=&#8221;https:\/\/castelldeconcabella.cat\/es\/contacto\/&#8221; button_text=&#8221;\u00a1Reserva una visita!&#8221; _builder_version=&#8221;3.19.14&#8243; header_font_size=&#8221;32&#8243; body_font_size=&#8221;16&#8243; use_background_color=&#8221;off&#8221; custom_button=&#8221;on&#8221; button_icon=&#8221;%%202%%&#8221; button_on_hover=&#8221;off&#8221; link_option_url=&#8221;https:\/\/castelldeconcabella.cat\/es\/contacto\/&#8221;]<\/p>\n<p>una puerta para descubrir la Segarra<\/p>\n<p>[\/et_pb_cta][\/et_pb_column][\/et_pb_row][\/et_pb_section]<\/p>\n","protected":false},"excerpt":{"rendered":"<p>El tr\u00edo encabezado por el pianista valenciano Albert Sanz actuar\u00e1 en el Castillo de Concabella en el marco del III Jazz Concabella 2019. Albert Sanz Trio, completado por Masa Kamaguchi (contrabajo) y Jordi Rossy (bater\u00eda y vibr\u00e1fono), nos presentar\u00e1 el repertorio del \u00faltimo disco de Sanz, grabado con la secci\u00f3n r\u00edtmica del primer tr\u00edo de [&hellip;]<\/p>\n","protected":false},"author":1,"featured_media":1773,"comment_status":"closed","ping_status":"closed","template":"","meta":{"_et_pb_use_builder":"on","_et_pb_old_content":"<!-- wp:divi\/placeholder \/-->","_et_gb_content_width":"","footnotes":""},"project_category":[27],"project_tag":[],"_links":{"self":[{"href":"https:\/\/castelldeconcabella.cat\/es\/wp-json\/wp\/v2\/project\/1418"}],"collection":[{"href":"https:\/\/castelldeconcabella.cat\/es\/wp-json\/wp\/v2\/project"}],"about":[{"href":"https:\/\/castelldeconcabella.cat\/es\/wp-json\/wp\/v2\/types\/project"}],"author":[{"embeddable":true,"href":"https:\/\/castelldeconcabella.cat\/es\/wp-json\/wp\/v2\/users\/1"}],"replies":[{"embeddable":true,"href":"https:\/\/castelldeconcabella.cat\/es\/wp-json\/wp\/v2\/comments?post=1418"}],"version-history":[{"count":22,"href":"https:\/\/castelldeconcabella.cat\/es\/wp-json\/wp\/v2\/project\/1418\/revisions"}],"predecessor-version":[{"id":3593,"href":"https:\/\/castelldeconcabella.cat\/es\/wp-json\/wp\/v2\/project\/1418\/revisions\/3593"}],"wp:featuredmedia":[{"embeddable":true,"href":"https:\/\/castelldeconcabella.cat\/es\/wp-json\/wp\/v2\/media\/1773"}],"wp:attachment":[{"href":"https:\/\/castelldeconcabella.cat\/es\/wp-json\/wp\/v2\/media?parent=1418"}],"wp:term":[{"taxonomy":"project_category","embeddable":true,"href":"https:\/\/castelldeconcabella.cat\/es\/wp-json\/wp\/v2\/project_category?post=1418"},{"taxonomy":"project_tag","embeddable":true,"href":"https:\/\/castelldeconcabella.cat\/es\/wp-json\/wp\/v2\/project_tag?post=1418"}],"curies":[{"name":"wp","href":"https:\/\/api.w.org\/{rel}","templated":true}]}}

<p>[et_pb_section bb_built=&#8221;1&#8243; admin_label=&#8221;CAT-Actividades-título&#8221; fullwidth=&#8221;on&#8221; _builder_version=&#8221;3.18.2&#8243; custom_margin=&#8221;|||&#8221; saved_tabs=&#8221;all&#8221; next_background_color=&#8221;#000000&#8243;][et_pb_fullwidth_header admin_label=&#8221;CAT-Actividades-título&#8221; title=&#8221;16/02/2019: Albert Sanz Trio (III Concabella Jazz)&#8221; _builder_version=&#8221;3.19.14&#8243; title_text_color=&#8221;#e86434&#8243; title_font_size_tablet=&#8221;24px&#8221; title_font_size_last_edited=&#8221;on|desktop&#8221; background_color=&#8221;#ede9db&#8221; custom_padding=&#8221;20px||20px&#8221; custom_padding_last_edited=&#8221;on|desktop&#8221; hover_enabled=&#8221;0&#8243; saved_tabs=&#8221;all&#8221; locked=&#8221;off&#8221; custom_padding_tablet=&#8221;0px||0px&#8221; /][/et_pb_section][et_pb_section bb_built=&#8221;1&#8243; _builder_version=&#8221;3.18.2&#8243; prev_background_color=&#8221;#000000&#8243; next_background_color=&#8221;#000000&#8243;][et_pb_row background_color_2=&#8221;rgba(237,233,219,0.5)&#8221; padding_top_2=&#8221;20px&#8221; padding_right_2=&#8221;20px&#8221; padding_bottom_2=&#8221;20px&#8221; padding_left_2=&#8221;20px&#8221; _builder_version=&#8221;3.18.2&#8243; locked=&#8221;off&#8221;][et_pb_column type=&#8221;1_2&#8243;][et_pb_image src=&#8221;http://castelldeconcabella.cat/wp-content/uploads/2018/12/a-006.jpg&#8221; _builder_version=&#8221;3.19.14&#8243;]</p>
<p>[/et_pb_image][/et_pb_column][et_pb_column type=&#8221;1_2&#8243;][et_pb_text admin_label=&#8221;CAT-Actividades-texto&#8221; _builder_version=&#8221;3.19.14&#8243; saved_tabs=&#8221;all&#8221; hover_enabled=&#8221;0&#8243;]</p>
<p>El trío encabezado por el pianista valenciano Albert Sanz actuará en el Castillo de Concabella en el marco del III Jazz Concabella 2019. Albert Sanz Trio, completado por Masa Kamaguchi (contrabajo) y Jordi Rossy (batería y vibráfono), nos presentará el repertorio del último disco de Sanz, grabado con la sección rítmica del primer trío de Bran Mehldau (Larry Grenadier al contrabajo y el propio Rossy a la batería). Después de presentarlo en el Jamboree, es el turno de Concabella. Sin duda son tres auténticas espadas del jazz de nuestra casa, con clara vocación de proyectarse internacionalmente.<br />
Después del concierto se servirá una copa de cava.</p>
<p><strong>Cuándo:<br />
</strong>Sábado 16 de febrero de 2019 a las 19 h</p>
<p><strong>Precio: </strong>10 € Socios Amics del Castell de Concabella | 15 € No socios</p>
<p><strong>Organiza:<br />
</strong>Amics del Castell de Concabella<br />
Ajuntament dels Plans de Sió<br />
Castell de Concabella</p>
<p>[/et_pb_text][et_pb_code admin_label=&#8221;Botón Tornar&#8221; _builder_version=&#8221;3.18.2&#8243; saved_tabs=&#8221;all&#8221;]<button onclick="goBack()">« Tornar</button><!-- [et_pb_line_break_holder] --><script><!-- [et_pb_line_break_holder] -->function goBack() {<!-- [et_pb_line_break_holder] --> window.history.back();<!-- [et_pb_line_break_holder] -->}<!-- [et_pb_line_break_holder] --></script>[/et_pb_code][/et_pb_column][/et_pb_row][/et_pb_section][et_pb_section bb_built=&#8221;1&#8243; admin_label=&#8221;CAT-Actividades-sección&#8221; _builder_version=&#8221;3.19.14&#8243; saved_tabs=&#8221;all&#8221; custom_margin=&#8221;0px||&#8221; custom_padding=&#8221;0px||&#8221; prev_background_color=&#8221;#000000&#8243; next_background_color=&#8221;#e86434&#8243;][et_pb_row _builder_version=&#8221;3.19.14&#8243;][et_pb_column type=&#8221;4_4&#8243;][et_pb_text _builder_version=&#8221;3.19.14&#8243; text_font=&#8221;Montserrat|700|||||||&#8221; text_text_color=&#8221;#62938f&#8221; text_font_size=&#8221;24px&#8221;]</p>
<p>Actividades</p>
<p>[/et_pb_text][et_pb_divider _builder_version=&#8221;3.17.6&#8243; /][/et_pb_column][/et_pb_row][et_pb_row _builder_version=&#8221;3.18.2&#8243;][et_pb_column type=&#8221;4_4&#8243;][et_pb_portfolio fullwidth=&#8221;off&#8221; posts_number=&#8221;4&#8243; include_categories=&#8221;17&#8243; show_categories=&#8221;off&#8221; show_pagination=&#8221;off&#8221; hover_overlay_color=&#8221;rgba(237,233,219,0.7)&#8221; _builder_version=&#8221;3.19.14&#8243; locked=&#8221;off&#8221; /][/et_pb_column][/et_pb_row][/et_pb_section][et_pb_section bb_built=&#8221;1&#8243; admin_label=&#8221;CAT-CTA-sección&#8221; prev_background_color=&#8221;#ffffff&#8221; _builder_version=&#8221;3.18.2&#8243; background_color=&#8221;#e86434&#8243; top_divider_style=&#8221;wave2&#8243; saved_tabs=&#8221;all&#8221;][et_pb_row custom_padding=&#8221;20px|||&#8221; padding_top_1=&#8221;20px&#8221; _builder_version=&#8221;3.18.2&#8243;][et_pb_column type=&#8221;4_4&#8243;][et_pb_cta title=&#8221;Castell de Concabella&#8221; button_url=&#8221;https://castelldeconcabella.cat/es/contacto/&#8221; button_text=&#8221;¡Reserva una visita!&#8221; _builder_version=&#8221;3.19.14&#8243; header_font_size=&#8221;32&#8243; body_font_size=&#8221;16&#8243; use_background_color=&#8221;off&#8221; custom_button=&#8221;on&#8221; button_icon=&#8221;%%202%%&#8221; button_on_hover=&#8221;off&#8221; link_option_url=&#8221;https://castelldeconcabella.cat/es/contacto/&#8221;]</p>
<p>una puerta para descubrir la Segarra</p>
<p>[/et_pb_cta][/et_pb_column][/et_pb_row][/et_pb_section]</p>

<p>El trío encabezado por el pianista valenciano Albert Sanz actuará en el Castillo de Concabella en el marco del III Jazz Concabella 2019. Albert Sanz Trio, completado por Masa Kamaguchi (contrabajo) y Jordi Rossy (batería y vibráfono), nos presentará el repertorio del último disco de Sanz, grabado con la sección rítmica del primer trío de [&hellip;]</p>
