{"id":2627,"date":"2019-06-25T07:54:59","date_gmt":"2019-06-25T06:54:59","guid":{"rendered":"http:\/\/castelldeconcabella.cat\/project\/30-06-2019-observacion-del-cielo-diurno-en-plans-de-sio\/"},"modified":"2023-05-03T09:04:52","modified_gmt":"2023-05-03T08:04:52","slug":"30-06-2019-observacion-del-cielo-diurno-en-plans-de-sio","status":"publish","type":"project","link":"https:\/\/castelldeconcabella.cat\/es\/project\/30-06-2019-observacion-del-cielo-diurno-en-plans-de-sio\/","title":{"rendered":"30\/06\/2019 Observaci\u00f3n del cielo diurno en Plans de Si\u00f3"},"content":{"rendered":"<p>[et_pb_section bb_built=&#8221;1&#8243; admin_label=&#8221;CAT-Actividades-t\u00edtulo&#8221; fullwidth=&#8221;on&#8221; _builder_version=&#8221;3.18.2&#8243; custom_margin=&#8221;|||&#8221; saved_tabs=&#8221;all&#8221; next_background_color=&#8221;#000000&#8243;][et_pb_fullwidth_header admin_label=&#8221;CAT-Actividades-t\u00edtulo&#8221; title=&#8221;30\/06\/2019 Observaci\u00f3n del cielo diurno en Plans de Si\u00f3&#8221; _builder_version=&#8221;3.20.2&#8243; title_text_color=&#8221;#e86434&#8243; title_font_size_tablet=&#8221;24px&#8221; title_font_size_last_edited=&#8221;on|desktop&#8221; background_color=&#8221;#ede9db&#8221; custom_padding=&#8221;20px||20px&#8221; custom_padding_tablet=&#8221;0px||0px&#8221; custom_padding_last_edited=&#8221;on|desktop&#8221; hover_enabled=&#8221;0&#8243; saved_tabs=&#8221;all&#8221; locked=&#8221;off&#8221; \/][\/et_pb_section][et_pb_section bb_built=&#8221;1&#8243; _builder_version=&#8221;3.18.2&#8243; prev_background_color=&#8221;#000000&#8243; next_background_color=&#8221;#000000&#8243;][et_pb_row background_color_2=&#8221;rgba(237,233,219,0.5)&#8221; padding_top_2=&#8221;20px&#8221; padding_right_2=&#8221;20px&#8221; padding_bottom_2=&#8221;20px&#8221; padding_left_2=&#8221;20px&#8221; _builder_version=&#8221;3.18.2&#8243; locked=&#8221;off&#8221;][et_pb_column type=&#8221;1_2&#8243;][et_pb_image _builder_version=&#8221;3.20.2&#8243; src=&#8221;http:\/\/castelldeconcabella.cat\/wp-content\/uploads\/2019\/06\/Observaciodiurna-1-e1561444615216.jpg&#8221; \/][et_pb_button button_url=&#8221;https:\/\/www.espaisnaturalsdeponent.cat\/ca\/agenda\/143\/observacio-del-cel-diuern-a-plans-de-sio&#8221; url_new_window=&#8221;on&#8221; button_text=&#8221;Para m\u00e1s informaci\u00f3n y reservas&#8221; _builder_version=&#8221;3.20.2&#8243; custom_button=&#8221;on&#8221; button_border_color=&#8221;#dad3b7&#8243; button_icon=&#8221;%%24%%&#8221; \/][\/et_pb_column][et_pb_column type=&#8221;1_2&#8243;][et_pb_text admin_label=&#8221;CAT-Actividades-texto&#8221; _builder_version=&#8221;3.20.2&#8243; saved_tabs=&#8221;all&#8221;]<\/p>\n<p><strong>Cuando: <br \/><\/strong>Domingo 30 de junio de 2019<br \/>Hora: 17:30 h <\/p>\n<p><strong>Precio:&nbsp;<\/strong>Actividad gratuita. Se requiere inscripci\u00f3n previa. Con la inscripci\u00f3n, se incluye una visita gratuita al Castillo de Concabella.<\/p>\n<p><strong><b>Organizaci\u00f3n<\/b>:&nbsp;<br \/><\/strong>Espacios Naturales de Ponent<br \/>Ayuntamiento dels Plans de Si\u00f3<br \/>Castillo de Concabella<\/p>\n<p>[\/et_pb_text][et_pb_code admin_label=&#8221;Bot\u00f3n Tornar&#8221; _builder_version=&#8221;3.18.2&#8243; saved_tabs=&#8221;all&#8221;]<button onclick=\"goBack()\">\u00ab Tornar<\/button><!-- [et_pb_line_break_holder] --><script><!-- [et_pb_line_break_holder] -->function goBack() {<!-- [et_pb_line_break_holder] --> window.history.back();<!-- [et_pb_line_break_holder] -->}<!-- [et_pb_line_break_holder] --><\/script>[\/et_pb_code][\/et_pb_column][\/et_pb_row][\/et_pb_section][et_pb_section bb_built=&#8221;1&#8243; admin_label=&#8221;CAT-Actividades-secci\u00f3n&#8221; _builder_version=&#8221;3.19.14&#8243; saved_tabs=&#8221;all&#8221; custom_margin=&#8221;0px||&#8221; custom_padding=&#8221;0px||&#8221; prev_background_color=&#8221;#000000&#8243; next_background_color=&#8221;#e86434&#8243;][et_pb_row _builder_version=&#8221;3.19.14&#8243;][et_pb_column type=&#8221;4_4&#8243;][et_pb_text _builder_version=&#8221;3.19.14&#8243; text_font=&#8221;Montserrat|700|||||||&#8221; text_text_color=&#8221;#62938f&#8221; text_font_size=&#8221;24px&#8221;]<\/p>\n<p>Actividades<\/p>\n<p>[\/et_pb_text][et_pb_divider _builder_version=&#8221;3.17.6&#8243; \/][\/et_pb_column][\/et_pb_row][et_pb_row _builder_version=&#8221;3.18.2&#8243;][et_pb_column type=&#8221;4_4&#8243;][et_pb_portfolio fullwidth=&#8221;off&#8221; posts_number=&#8221;4&#8243; include_categories=&#8221;17&#8243; show_categories=&#8221;off&#8221; show_pagination=&#8221;off&#8221; hover_overlay_color=&#8221;rgba(237,233,219,0.7)&#8221; _builder_version=&#8221;3.19.14&#8243; locked=&#8221;off&#8221; \/][\/et_pb_column][\/et_pb_row][\/et_pb_section][et_pb_section bb_built=&#8221;1&#8243; admin_label=&#8221;CAT-CTA-secci\u00f3n&#8221; prev_background_color=&#8221;#ffffff&#8221; _builder_version=&#8221;3.18.2&#8243; background_color=&#8221;#e86434&#8243; top_divider_style=&#8221;wave2&#8243; saved_tabs=&#8221;all&#8221;][et_pb_row custom_padding=&#8221;20px|||&#8221; padding_top_1=&#8221;20px&#8221; _builder_version=&#8221;3.18.2&#8243;][et_pb_column type=&#8221;4_4&#8243;][et_pb_cta title=&#8221;Castillo de Concabella&#8221; button_url=&#8221;https:\/\/castelldeconcabella.cat\/es\/contacto\/&#8221; button_text=&#8221;\u00a1Reserva una visita!&#8221; _builder_version=&#8221;3.19.14&#8243; header_font_size=&#8221;32&#8243; body_font_size=&#8221;16&#8243; use_background_color=&#8221;off&#8221; custom_button=&#8221;on&#8221; button_icon=&#8221;%%202%%&#8221; button_on_hover=&#8221;off&#8221; link_option_url=&#8221;https:\/\/castelldeconcabella.cat\/es\/contacto\/&#8221;]<\/p>\n<p>una puerta para descubrir la Segarra<\/p>\n<p>[\/et_pb_cta][\/et_pb_column][\/et_pb_row][\/et_pb_section]<\/p>\n","protected":false},"excerpt":{"rendered":"<p>Cuando: Domingo 30 de junio de 2019Hora: 17:30 h Precio:&nbsp;Actividad gratuita. Se requiere inscripci\u00f3n previa. Con la inscripci\u00f3n, se incluye una visita gratuita al Castillo de Concabella. Organizaci\u00f3n:&nbsp;Espacios Naturales de PonentAyuntamiento dels Plans de Si\u00f3Castillo de Concabella Actividades una puerta para descubrir la Segarra<\/p>\n","protected":false},"author":4,"featured_media":2624,"comment_status":"closed","ping_status":"closed","template":"","meta":{"_et_pb_use_builder":"on","_et_pb_old_content":"[et_pb_section bb_built=\"1\" admin_label=\"CAT-Actividades-t\u00edtulo\" fullwidth=\"on\" _builder_version=\"3.18.2\" custom_margin=\"|||\" saved_tabs=\"all\" next_background_color=\"#000000\"][et_pb_fullwidth_header admin_label=\"CAT-Actividades-t\u00edtulo\" title=\"30\/06\/2019 Observaci\u00f3 del cel di\u00fcrn a Plans de Si\u00f3\" _builder_version=\"3.20.2\" title_text_color=\"#e86434\" title_font_size_tablet=\"24px\" title_font_size_last_edited=\"on|desktop\" background_color=\"#ede9db\" custom_padding=\"20px||20px\" custom_padding_tablet=\"0px||0px\" custom_padding_last_edited=\"on|desktop\" hover_enabled=\"0\" saved_tabs=\"all\" locked=\"off\" \/][\/et_pb_section][et_pb_section bb_built=\"1\" _builder_version=\"3.18.2\" prev_background_color=\"#000000\" next_background_color=\"#000000\"][et_pb_row background_color_2=\"rgba(237,233,219,0.5)\" padding_top_2=\"20px\" padding_right_2=\"20px\" padding_bottom_2=\"20px\" padding_left_2=\"20px\" _builder_version=\"3.18.2\" locked=\"off\"][et_pb_column type=\"1_2\"][et_pb_image _builder_version=\"3.20.2\" src=\"http:\/\/castelldeconcabella.cat\/wp-content\/uploads\/2018\/12\/a-004.jpg\" \/][et_pb_button button_url=\"https:\/\/www.espaisnaturalsdeponent.cat\/ca\/agenda\/143\/observacio-del-cel-diuern-a-plans-de-sio\" url_new_window=\"on\" button_text=\"Per a m\u00e9s informaci\u00f3 i reserves\" _builder_version=\"3.20.2\" custom_button=\"on\" button_border_color=\"#dad3b7\" button_icon=\"%%24%%\" \/][\/et_pb_column][et_pb_column type=\"1_2\"][et_pb_text admin_label=\"CAT-Actividades-texto\" _builder_version=\"3.19.14\" saved_tabs=\"all\"]\r\n\r\n<p>L\u2019Orquestra d\u2019Instruments Reciclats de Cateura, dirigida per Favio Ch\u00e1vez, actuar\u00e0 el dia 4 de gener al Castell de Concabella. Els m\u00fasics s\u00f3n noies i nois que viuen a la comunitat instal\u00b7lada a l\u2019entorn de l\u2019abocador de Cateura, el m\u00e9s gran d\u2019Asunci\u00f3n (Paraguai), i toquen amb instruments fets amb materials recollits en aquest abocador. Ara estan de gira per tot el m\u00f3n i tenim la sort d\u2019acollir-los a Concabella, l\u2019\u00fanica actuaci\u00f3 que faran a Catalunya.<\/p>\r\n<p>L\u2019objectiu de l\u2019orquestra \u00e9s formar, a trav\u00e9s de la m\u00fasica, nens i joves que viuen a la comunitat de Cateura en condicions de vulnerabilitat i exclusi\u00f3 social. En el seu repertori interpreten m\u00fasica cl\u00e0ssica, folkl\u00f2rica, paraguaiana, can\u00e7ons dels Beatles o de Frank Sinatra, entre d\u2019altres.<\/p>\r\n<p>La filharm\u00f2nica de l\u2019abocador \u00e9s el t\u00edtol d\u2019un multipremiat documental que va emetre TV3 sobre aquesta formaci\u00f3. Es tracta d\u2019una hist\u00f2ria sobre el poder transformador de la m\u00fasica en un entorn de pobresa i contaminaci\u00f3 ambiental. En podeu veure el tr\u00e0iler en aquest enlla\u00e7: <a href=\"https:\/\/vimeo.com\/171117264\" target=\"_blank\" rel=\"noopener noreferrer\">https:\/\/vimeo.com\/171117264<\/a><\/p>\r\n<p>Per saber-ne m\u00e9s coses podeu consultar el seu web: <a href=\"http:\/\/www.recycledorchestracateura.com\/\" target=\"_blank\" rel=\"noopener noreferrer\">http:\/\/www.recycledorchestracateura.com\/<\/a><\/p>\r\n<p><strong>Quan: <br \/><\/strong>Dissabte 4 de gener de 2019<br \/>Dos sessions: 17 h \/ 20 h<\/p>\r\n<p><strong>Preu:\u00a0<\/strong>10 \u20ac<\/p>\r\n<p><strong><b>Organitzaci\u00f3<\/b>:\u00a0<br \/><\/strong>Amics del Castell de Concabella<br \/>Ajuntament dels Plans de Si\u00f3<br \/>Castell de Concabella<\/p>\r\n\r\n[\/et_pb_text][et_pb_code admin_label=\"Bot\u00f3n Tornar\" _builder_version=\"3.18.2\" saved_tabs=\"all\"]<button onclick=\"goBack()\">\u00ab Tornar<\/button><!-- [et_pb_line_break_holder] --><script><!-- [et_pb_line_break_holder] -->function goBack() {<!-- [et_pb_line_break_holder] --> window.history.back();<!-- [et_pb_line_break_holder] -->}<!-- [et_pb_line_break_holder] --><\/script>[\/et_pb_code][\/et_pb_column][\/et_pb_row][\/et_pb_section][et_pb_section bb_built=\"1\" admin_label=\"CAT-Actividades-secci\u00f3n\" _builder_version=\"3.19.14\" saved_tabs=\"all\" custom_margin=\"0px||\" custom_padding=\"0px||\" prev_background_color=\"#000000\" next_background_color=\"#e86434\"][et_pb_row _builder_version=\"3.19.14\"][et_pb_column type=\"4_4\"][et_pb_text _builder_version=\"3.19.14\" text_font=\"Montserrat|700|||||||\" text_text_color=\"#62938f\" text_font_size=\"24px\"]\r\n\r\n<p>Activitats<\/p>\r\n\r\n[\/et_pb_text][et_pb_divider _builder_version=\"3.17.6\" \/][\/et_pb_column][\/et_pb_row][et_pb_row _builder_version=\"3.18.2\"][et_pb_column type=\"4_4\"][et_pb_portfolio fullwidth=\"off\" posts_number=\"4\" include_categories=\"17\" show_categories=\"off\" show_pagination=\"off\" hover_overlay_color=\"rgba(237,233,219,0.7)\" _builder_version=\"3.19.14\" locked=\"off\" \/][\/et_pb_column][\/et_pb_row][\/et_pb_section][et_pb_section bb_built=\"1\" admin_label=\"CAT-CTA-secci\u00f3n\" prev_background_color=\"#ffffff\" _builder_version=\"3.18.2\" background_color=\"#e86434\" top_divider_style=\"wave2\" saved_tabs=\"all\"][et_pb_row custom_padding=\"20px|||\" padding_top_1=\"20px\" _builder_version=\"3.18.2\"][et_pb_column type=\"4_4\"][et_pb_cta title=\"Castell de Concabella\" button_url=\"http:\/\/castelldeconcabella.cat\/contacte\/\" button_text=\"Reserva una visita!\" _builder_version=\"3.19.14\" header_font_size=\"32\" body_font_size=\"16\" use_background_color=\"off\" custom_button=\"on\" button_icon=\"%%202%%\" button_on_hover=\"off\" link_option_url=\"http:\/\/castelldeconcabella.cat\/contacte\/\"]\r\n\r\n<p>una porta per descobrir la Segarra<\/p>\r\n\r\n[\/et_pb_cta][\/et_pb_column][\/et_pb_row][\/et_pb_section]","_et_gb_content_width":"","footnotes":""},"project_category":[27],"project_tag":[],"_links":{"self":[{"href":"https:\/\/castelldeconcabella.cat\/es\/wp-json\/wp\/v2\/project\/2627"}],"collection":[{"href":"https:\/\/castelldeconcabella.cat\/es\/wp-json\/wp\/v2\/project"}],"about":[{"href":"https:\/\/castelldeconcabella.cat\/es\/wp-json\/wp\/v2\/types\/project"}],"author":[{"embeddable":true,"href":"https:\/\/castelldeconcabella.cat\/es\/wp-json\/wp\/v2\/users\/4"}],"replies":[{"embeddable":true,"href":"https:\/\/castelldeconcabella.cat\/es\/wp-json\/wp\/v2\/comments?post=2627"}],"version-history":[{"count":3,"href":"https:\/\/castelldeconcabella.cat\/es\/wp-json\/wp\/v2\/project\/2627\/revisions"}],"predecessor-version":[{"id":3650,"href":"https:\/\/castelldeconcabella.cat\/es\/wp-json\/wp\/v2\/project\/2627\/revisions\/3650"}],"wp:featuredmedia":[{"embeddable":true,"href":"https:\/\/castelldeconcabella.cat\/es\/wp-json\/wp\/v2\/media\/2624"}],"wp:attachment":[{"href":"https:\/\/castelldeconcabella.cat\/es\/wp-json\/wp\/v2\/media?parent=2627"}],"wp:term":[{"taxonomy":"project_category","embeddable":true,"href":"https:\/\/castelldeconcabella.cat\/es\/wp-json\/wp\/v2\/project_category?post=2627"},{"taxonomy":"project_tag","embeddable":true,"href":"https:\/\/castelldeconcabella.cat\/es\/wp-json\/wp\/v2\/project_tag?post=2627"}],"curies":[{"name":"wp","href":"https:\/\/api.w.org\/{rel}","templated":true}]}}

30/06/2019 Observación del cielo diurno en Plans de Sió

<p>[et_pb_section bb_built=&#8221;1&#8243; admin_label=&#8221;CAT-Actividades-título&#8221; fullwidth=&#8221;on&#8221; _builder_version=&#8221;3.18.2&#8243; custom_margin=&#8221;|||&#8221; saved_tabs=&#8221;all&#8221; next_background_color=&#8221;#000000&#8243;][et_pb_fullwidth_header admin_label=&#8221;CAT-Actividades-título&#8221; title=&#8221;30/06/2019 Observación del cielo diurno en Plans de Sió&#8221; _builder_version=&#8221;3.20.2&#8243; title_text_color=&#8221;#e86434&#8243; title_font_size_tablet=&#8221;24px&#8221; title_font_size_last_edited=&#8221;on|desktop&#8221; background_color=&#8221;#ede9db&#8221; custom_padding=&#8221;20px||20px&#8221; custom_padding_tablet=&#8221;0px||0px&#8221; custom_padding_last_edited=&#8221;on|desktop&#8221; hover_enabled=&#8221;0&#8243; saved_tabs=&#8221;all&#8221; locked=&#8221;off&#8221; /][/et_pb_section][et_pb_section bb_built=&#8221;1&#8243; _builder_version=&#8221;3.18.2&#8243; prev_background_color=&#8221;#000000&#8243; next_background_color=&#8221;#000000&#8243;][et_pb_row background_color_2=&#8221;rgba(237,233,219,0.5)&#8221; padding_top_2=&#8221;20px&#8221; padding_right_2=&#8221;20px&#8221; padding_bottom_2=&#8221;20px&#8221; padding_left_2=&#8221;20px&#8221; _builder_version=&#8221;3.18.2&#8243; locked=&#8221;off&#8221;][et_pb_column type=&#8221;1_2&#8243;][et_pb_image _builder_version=&#8221;3.20.2&#8243; src=&#8221;http://castelldeconcabella.cat/wp-content/uploads/2019/06/Observaciodiurna-1-e1561444615216.jpg&#8221; /][et_pb_button button_url=&#8221;https://www.espaisnaturalsdeponent.cat/ca/agenda/143/observacio-del-cel-diuern-a-plans-de-sio&#8221; url_new_window=&#8221;on&#8221; button_text=&#8221;Para más información y reservas&#8221; _builder_version=&#8221;3.20.2&#8243; custom_button=&#8221;on&#8221; button_border_color=&#8221;#dad3b7&#8243; button_icon=&#8221;%%24%%&#8221; /][/et_pb_column][et_pb_column type=&#8221;1_2&#8243;][et_pb_text admin_label=&#8221;CAT-Actividades-texto&#8221; _builder_version=&#8221;3.20.2&#8243; saved_tabs=&#8221;all&#8221;]</p>
<p><strong>Cuando: <br /></strong>Domingo 30 de junio de 2019<br />Hora: 17:30 h </p>
<p><strong>Precio:&nbsp;</strong>Actividad gratuita. Se requiere inscripción previa. Con la inscripción, se incluye una visita gratuita al Castillo de Concabella.</p>
<p><strong><b>Organización</b>:&nbsp;<br /></strong>Espacios Naturales de Ponent<br />Ayuntamiento dels Plans de Sió<br />Castillo de Concabella</p>
<p>[/et_pb_text][et_pb_code admin_label=&#8221;Botón Tornar&#8221; _builder_version=&#8221;3.18.2&#8243; saved_tabs=&#8221;all&#8221;]<button onclick="goBack()">« Tornar</button><!-- [et_pb_line_break_holder] --><script><!-- [et_pb_line_break_holder] -->function goBack() {<!-- [et_pb_line_break_holder] --> window.history.back();<!-- [et_pb_line_break_holder] -->}<!-- [et_pb_line_break_holder] --></script>[/et_pb_code][/et_pb_column][/et_pb_row][/et_pb_section][et_pb_section bb_built=&#8221;1&#8243; admin_label=&#8221;CAT-Actividades-sección&#8221; _builder_version=&#8221;3.19.14&#8243; saved_tabs=&#8221;all&#8221; custom_margin=&#8221;0px||&#8221; custom_padding=&#8221;0px||&#8221; prev_background_color=&#8221;#000000&#8243; next_background_color=&#8221;#e86434&#8243;][et_pb_row _builder_version=&#8221;3.19.14&#8243;][et_pb_column type=&#8221;4_4&#8243;][et_pb_text _builder_version=&#8221;3.19.14&#8243; text_font=&#8221;Montserrat|700|||||||&#8221; text_text_color=&#8221;#62938f&#8221; text_font_size=&#8221;24px&#8221;]</p>
<p>Actividades</p>
<p>[/et_pb_text][et_pb_divider _builder_version=&#8221;3.17.6&#8243; /][/et_pb_column][/et_pb_row][et_pb_row _builder_version=&#8221;3.18.2&#8243;][et_pb_column type=&#8221;4_4&#8243;][et_pb_portfolio fullwidth=&#8221;off&#8221; posts_number=&#8221;4&#8243; include_categories=&#8221;17&#8243; show_categories=&#8221;off&#8221; show_pagination=&#8221;off&#8221; hover_overlay_color=&#8221;rgba(237,233,219,0.7)&#8221; _builder_version=&#8221;3.19.14&#8243; locked=&#8221;off&#8221; /][/et_pb_column][/et_pb_row][/et_pb_section][et_pb_section bb_built=&#8221;1&#8243; admin_label=&#8221;CAT-CTA-sección&#8221; prev_background_color=&#8221;#ffffff&#8221; _builder_version=&#8221;3.18.2&#8243; background_color=&#8221;#e86434&#8243; top_divider_style=&#8221;wave2&#8243; saved_tabs=&#8221;all&#8221;][et_pb_row custom_padding=&#8221;20px|||&#8221; padding_top_1=&#8221;20px&#8221; _builder_version=&#8221;3.18.2&#8243;][et_pb_column type=&#8221;4_4&#8243;][et_pb_cta title=&#8221;Castillo de Concabella&#8221; button_url=&#8221;https://castelldeconcabella.cat/es/contacto/&#8221; button_text=&#8221;¡Reserva una visita!&#8221; _builder_version=&#8221;3.19.14&#8243; header_font_size=&#8221;32&#8243; body_font_size=&#8221;16&#8243; use_background_color=&#8221;off&#8221; custom_button=&#8221;on&#8221; button_icon=&#8221;%%202%%&#8221; button_on_hover=&#8221;off&#8221; link_option_url=&#8221;https://castelldeconcabella.cat/es/contacto/&#8221;]</p>
<p>una puerta para descubrir la Segarra</p>
<p>[/et_pb_cta][/et_pb_column][/et_pb_row][/et_pb_section]</p>

<p>Cuando: Domingo 30 de junio de 2019Hora: 17:30 h Precio:&nbsp;Actividad gratuita. Se requiere inscripción previa. Con la inscripción, se incluye una visita gratuita al Castillo de Concabella. Organización:&nbsp;Espacios Naturales de PonentAyuntamiento dels Plans de SióCastillo de Concabella Actividades una puerta para descubrir la Segarra</p>

[et_pb_section bb_built="1" admin_label="CAT-Actividades-título" fullwidth="on" _builder_version="3.18.2" custom_margin="|||" saved_tabs="all" next_background_color="#000000"][et_pb_fullwidth_header admin_label="CAT-Actividades-título" title="30/06/2019 Observació del cel diürn a Plans de Sió" _builder_version="3.20.2" title_text_color="#e86434" title_font_size_tablet="24px" title_font_size_last_edited="on|desktop" background_color="#ede9db" custom_padding="20px||20px" custom_padding_tablet="0px||0px" custom_padding_last_edited="on|desktop" hover_enabled="0" saved_tabs="all" locked="off" /][/et_pb_section][et_pb_section bb_built="1" _builder_version="3.18.2" prev_background_color="#000000" next_background_color="#000000"][et_pb_row background_color_2="rgba(237,233,219,0.5)" padding_top_2="20px" padding_right_2="20px" padding_bottom_2="20px" padding_left_2="20px" _builder_version="3.18.2" locked="off"][et_pb_column type="1_2"][et_pb_image _builder_version="3.20.2" src="http://castelldeconcabella.cat/wp-content/uploads/2018/12/a-004.jpg" /][et_pb_button button_url="https://www.espaisnaturalsdeponent.cat/ca/agenda/143/observacio-del-cel-diuern-a-plans-de-sio" url_new_window="on" button_text="Per a més informació i reserves" _builder_version="3.20.2" custom_button="on" button_border_color="#dad3b7" button_icon="%%24%%" /][/et_pb_column][et_pb_column type="1_2"][et_pb_text admin_label="CAT-Actividades-texto" _builder_version="3.19.14" saved_tabs="all"]

<p>L’Orquestra d’Instruments Reciclats de Cateura, dirigida per Favio Chávez, actuarà el dia 4 de gener al Castell de Concabella. Els músics són noies i nois que viuen a la comunitat instal·lada a l’entorn de l’abocador de Cateura, el més gran d’Asunción (Paraguai), i toquen amb instruments fets amb materials recollits en aquest abocador. Ara estan de gira per tot el món i tenim la sort d’acollir-los a Concabella, l’única actuació que faran a Catalunya.</p>
<p>L’objectiu de l’orquestra és formar, a través de la música, nens i joves que viuen a la comunitat de Cateura en condicions de vulnerabilitat i exclusió social. En el seu repertori interpreten música clàssica, folklòrica, paraguaiana, cançons dels Beatles o de Frank Sinatra, entre d’altres.</p>
<p>La filharmònica de l’abocador és el títol d’un multipremiat documental que va emetre TV3 sobre aquesta formació. Es tracta d’una història sobre el poder transformador de la música en un entorn de pobresa i contaminació ambiental. En podeu veure el tràiler en aquest enllaç: <a href="https://vimeo.com/171117264" target="_blank" rel="noopener noreferrer">https://vimeo.com/171117264</a></p>
<p>Per saber-ne més coses podeu consultar el seu web: <a href="http://www.recycledorchestracateura.com/" target="_blank" rel="noopener noreferrer">http://www.recycledorchestracateura.com/</a></p>
<p><strong>Quan: <br /></strong>Dissabte 4 de gener de 2019<br />Dos sessions: 17 h / 20 h</p>
<p><strong>Preu: </strong>10 €</p>
<p><strong><b>Organització</b>: <br /></strong>Amics del Castell de Concabella<br />Ajuntament dels Plans de Sió<br />Castell de Concabella</p>

[/et_pb_text][et_pb_code admin_label="Botón Tornar" _builder_version="3.18.2" saved_tabs="all"]<button onclick="goBack()">« Tornar</button><!-- [et_pb_line_break_holder] --><script><!-- [et_pb_line_break_holder] -->function goBack() {<!-- [et_pb_line_break_holder] --> window.history.back();<!-- [et_pb_line_break_holder] -->}<!-- [et_pb_line_break_holder] --></script>[/et_pb_code][/et_pb_column][/et_pb_row][/et_pb_section][et_pb_section bb_built="1" admin_label="CAT-Actividades-sección" _builder_version="3.19.14" saved_tabs="all" custom_margin="0px||" custom_padding="0px||" prev_background_color="#000000" next_background_color="#e86434"][et_pb_row _builder_version="3.19.14"][et_pb_column type="4_4"][et_pb_text _builder_version="3.19.14" text_font="Montserrat|700|||||||" text_text_color="#62938f" text_font_size="24px"]

<p>Activitats</p>

[/et_pb_text][et_pb_divider _builder_version="3.17.6" /][/et_pb_column][/et_pb_row][et_pb_row _builder_version="3.18.2"][et_pb_column type="4_4"][et_pb_portfolio fullwidth="off" posts_number="4" include_categories="17" show_categories="off" show_pagination="off" hover_overlay_color="rgba(237,233,219,0.7)" _builder_version="3.19.14" locked="off" /][/et_pb_column][/et_pb_row][/et_pb_section][et_pb_section bb_built="1" admin_label="CAT-CTA-sección" prev_background_color="#ffffff" _builder_version="3.18.2" background_color="#e86434" top_divider_style="wave2" saved_tabs="all"][et_pb_row custom_padding="20px|||" padding_top_1="20px" _builder_version="3.18.2"][et_pb_column type="4_4"][et_pb_cta title="Castell de Concabella" button_url="http://castelldeconcabella.cat/contacte/" button_text="Reserva una visita!" _builder_version="3.19.14" header_font_size="32" body_font_size="16" use_background_color="off" custom_button="on" button_icon="%%202%%" button_on_hover="off" link_option_url="http://castelldeconcabella.cat/contacte/"]

<p>una porta per descobrir la Segarra</p>

[/et_pb_cta][/et_pb_column][/et_pb_row][/et_pb_section]
